{"id":1005,"date":"2012-03-08T12:21:02","date_gmt":"2012-03-08T11:21:02","guid":{"rendered":"http:\/\/jackguichard.fr\/?page_id=1005"},"modified":"2012-03-08T13:00:37","modified_gmt":"2012-03-08T12:00:37","slug":"phasmes","status":"publish","type":"page","link":"https:\/\/www.jackguichard.fr\/?page_id=1005","title":{"rendered":"\u00e9levage de phasmes"},"content":{"rendered":"<p>Ces insectes en forme de feuilles ou de brindilles, mim\u00e9tiques avec leur environnement, sont faciles \u00e0 \u00e9lever et int\u00e9ressant pour faire aimer aux enfants des insectes vers lesquels ils n\u2019auraient pas \u00e9t\u00e9 spontan\u00e9ment attir\u00e9s.<br \/>\nIl existe beaucoup d&rsquo;esp\u00e8ces diff\u00e9rentes de phasme, ici nous vous indiquons la m\u00e9thode d&rsquo;\u00e9levage des phasmes qui mangent du lierre : le Phasme morose (Caraussius morosus)<\/p>\n<p><strong>Mat\u00e9riel<\/strong><br \/>\n&#8211; un petit aquarium en plastique<br \/>\n&#8211; un couvercle fait d\u2019un morceau de voile de rideau fix\u00e9 avec un grand \u00e9lastique ou un grillage fin<br \/>\n&#8211; de la mousse des bois (pas indispensable)<br \/>\n&#8211; des rameaux de lierre<\/p>\n<p><strong>Installation<\/strong><br \/>\n&#8211; Mettre de la mousse des bois dans le fond de l\u2019aquarium<br \/>\n&#8211; Mettre des rameaux de lierre dans un pot \u00e0 confiture rempli de mousse des bois bien imbib\u00e9e d\u2019eau (cette technique emp\u00eache que les phasmes se noient en buvant).<br \/>\n&#8211; Introduire les phasmes.<br \/>\n&#8211; Refermer l\u2019aquarium avec le couvercle ou le voile<\/p>\n<p><strong>o\u00f9 placer l\u2019\u00e9levage<\/strong><br \/>\nn\u2019importe o\u00f9 dans la classe, mais \u00e9viter le plein soleil<strong><br \/>\n<\/strong><\/p>\n<p><strong>soins<\/strong><br \/>\n&#8211; tous les 2 jours pulv\u00e9riser de l\u2019eau<br \/>\n&#8211; une fois par semaine changer les rameaux de lierre (d\u00e8s qu\u2019il se dess\u00e8che)<br \/>\n&#8211; une fois par mois nettoyer l\u2019aquarium<br \/>\n&#8211; Cet \u00e9levage supporte l\u2019absence de soins pendant des petites vacances (1 ou 2 semaines)\u00a0: bien humidifier la mousse et mettre une bonne brass\u00e9e de lierre.<br \/>\n&#8211; Pour l\u2019\u00e9t\u00e9 les mettre \u00e0 la cave \u2026 au moins les \u0153ufs survivront\u2026<\/p>\n<p><strong>activit\u00e9 p\u00e9dagogique pour suivre la croissance des phasmes et passer \u00e0 la repr\u00e9sentation graphique<\/strong><\/p>\n<p><a href=\"http:\/\/jackguichard.fr\/?attachment_id=1015\" rel=\"attachment wp-att-1015\"><img loading=\"lazy\" decoding=\"async\" class=\"alignleft size-medium wp-image-1015\" title=\"mesurephasme\" src=\"http:\/\/jackguichard.fr\/wp-content\/uploads\/2012\/03\/mesurephasme-235x300.jpg\" alt=\"\" width=\"235\" height=\"300\" srcset=\"https:\/\/www.jackguichard.fr\/wp-content\/uploads\/2012\/03\/mesurephasme-235x300.jpg 235w, https:\/\/www.jackguichard.fr\/wp-content\/uploads\/2012\/03\/mesurephasme.jpg 424w\" sizes=\"auto, (max-width: 235px) 100vw, 235px\" \/><\/a><a href=\"http:\/\/jackguichard.fr\/?attachment_id=1016\" rel=\"attachment wp-att-1016\"><img loading=\"lazy\" decoding=\"async\" class=\"alignright size-medium wp-image-1016\" title=\"graphiquephasem\" src=\"http:\/\/jackguichard.fr\/wp-content\/uploads\/2012\/03\/graphiquephasem-253x300.jpg\" alt=\"\" width=\"253\" height=\"300\" srcset=\"https:\/\/www.jackguichard.fr\/wp-content\/uploads\/2012\/03\/graphiquephasem-253x300.jpg 253w, https:\/\/www.jackguichard.fr\/wp-content\/uploads\/2012\/03\/graphiquephasem.jpg 343w\" sizes=\"auto, (max-width: 253px) 100vw, 253px\" \/><\/a><strong><\/strong>Activit\u00e9\u00a0 \u00e0 mettre en \u0153uvre en classe au cycle 3. Elle consiste \u00e0\u00a0 r\u00e9aliser une courbe de croissance, donc un exercice math\u00e9matique riche de sens pour les \u00e9l\u00e8ves, car il vont visualiser ce que repr\u00e9sente un graphique et\u00a0 comprendre le principe de croissance des phasmes lors de leurs 6 mues successives. Ils trouvent d\u2019ailleurs les restes des anciennes carapaces dans la cage d\u2019\u00e9levage et en\u00a0 comprennent la signification.<\/p>\n<p>&nbsp;<\/p>\n<p>Pour cette activit\u00e9, proposer \u00e0 chaque groupe d&rsquo;\u00e9l\u00e8ves d&rsquo;\u00e9lever un phasme : ils utilisent une bouteille d&rsquo;eau en plastique vide, donc on coupe la partie sup\u00e9rieure, qu&rsquo;on remplace par un couvercle fait d&rsquo;un simple emballage de collant fix\u00e9 au sommet de la bouteille par un \u00e9lastique; ils mettent une \u00e9tiquette avec le nom de leur groupe pour la retrouver facilement ensuite et entretenir leur \u00e9levage. Ils placent au fond de la bouteille un peu de mousse des bois qu&rsquo;ils imbibent pour maintenir l&rsquo;humidit\u00e9. Ils y placent une branche de lierre qu&rsquo;on remplacera lorsqu&rsquo;elle commencera \u00e0 se dess\u00e9cher. On fournit \u00e0 chaque groupe un jeune phasme qu&rsquo;il va \u00e9lever et voir grandir au cours des semaines suivantes.<\/p>\n<p>Deux fois par semaine ils le mesurent avec une bande de papier sur laquelle ils marquent la longueur du phasme et qu&rsquo;ils d\u00e9coupent avant de la coller sur une feuille avec la date&#8230; pour construire progressivement le graphique de croissance de leur phasme.<\/p>\n<p>&nbsp;<\/p>\n<div>\n<p><strong>\u2022 Information<\/strong><br \/>\nEn captivit\u00e9, des phasmes moroses sont presque uniquement parth\u00e9nog\u00e9n\u00e9tiques, c&rsquo;est-\u00e0-dire que des femelles n&rsquo;ont pas besoin d&rsquo;\u00eatre f\u00e9cond\u00e9e par un m\u00e2le pour que leurs \u0153ufs donnent naissance \u00e0 d&rsquo;autres femelles. \u00c0 une temp\u00e9rature de 20 \u00b0C, avec une bonne humidit\u00e9, la femelle pond des \u0153ufs (qui ressemblent \u00e0 de petites graines de lentilles) qui ne donnent que des femelles. Si la temp\u00e9rature varie de 23 \u00e0 25 C, quelques m\u00e2les peuvent \u00e9clore dans la proportion d&rsquo;environ 1 pour 3 000 \u00e9closions.<\/p>\n<p><strong>\u2022 R\u00e9f\u00e9rences<\/strong><br \/>\nUn site excellent site Internet\u00a0:<span style=\"text-decoration: underline;\"> <a href=\"http :\/\/www.phasmes.com\/\">http\u00a0:\/\/www.phasmes.com\/<\/a><\/span> vous donne des informations sur les phasmes, de superbes photos avec autorisation de les utiliser pour la classe, des fiches pour la mise en place d&rsquo;un petit \u00e9levage afin de d\u00e9couvrir que ces insectes sont bien les rois du camouflage.<\/p>\n<\/div>\n","protected":false},"excerpt":{"rendered":"<p>Ces insectes en forme de feuilles ou de brindilles, mim\u00e9tiques avec leur environnement, sont faciles \u00e0 \u00e9lever et int\u00e9ressant pour faire aimer aux enfants des insectes vers lesquels ils n\u2019auraient pas \u00e9t\u00e9 spontan\u00e9ment attir\u00e9s. Il existe beaucoup d&rsquo;esp\u00e8ces diff\u00e9rentes de phasme, ici nous vous indiquons la m\u00e9thode d&rsquo;\u00e9levage des phasmes qui mangent du lierre : &hellip;<br \/><a href=\"https:\/\/www.jackguichard.fr\/?page_id=1005\">Read more <span class=\"meta-nav\">&rarr;<\/span><\/a><\/p>\n","protected":false},"author":8,"featured_media":0,"parent":968,"menu_order":3,"comment_status":"closed","ping_status":"closed","template":"template-full.php","meta":{"footnotes":""},"class_list":["post-1005","page","type-page","status-publish","hentry"],"jetpack_sharing_enabled":true,"_links":{"self":[{"href":"https:\/\/www.jackguichard.fr\/index.php?rest_route=\/wp\/v2\/pages\/1005","targetHints":{"allow":["GET"]}}],"collection":[{"href":"https:\/\/www.jackguichard.fr\/index.php?rest_route=\/wp\/v2\/pages"}],"about":[{"href":"https:\/\/www.jackguichard.fr\/index.php?rest_route=\/wp\/v2\/types\/page"}],"author":[{"embeddable":true,"href":"https:\/\/www.jackguichard.fr\/index.php?rest_route=\/wp\/v2\/users\/8"}],"replies":[{"embeddable":true,"href":"https:\/\/www.jackguichard.fr\/index.php?rest_route=%2Fwp%2Fv2%2Fcomments&post=1005"}],"version-history":[{"count":26,"href":"https:\/\/www.jackguichard.fr\/index.php?rest_route=\/wp\/v2\/pages\/1005\/revisions"}],"predecessor-version":[{"id":1007,"href":"https:\/\/www.jackguichard.fr\/index.php?rest_route=\/wp\/v2\/pages\/1005\/revisions\/1007"}],"up":[{"embeddable":true,"href":"https:\/\/www.jackguichard.fr\/index.php?rest_route=\/wp\/v2\/pages\/968"}],"wp:attachment":[{"href":"https:\/\/www.jackguichard.fr\/index.php?rest_route=%2Fwp%2Fv2%2Fmedia&parent=1005"}],"curies":[{"name":"wp","href":"https:\/\/api.w.org\/{rel}","templated":true}]}}