{"id":107,"date":"2011-03-18T13:47:05","date_gmt":"2011-03-18T13:47:05","guid":{"rendered":"http:\/\/jackguichard.wordpress.com\/?page_id=107"},"modified":"2020-05-30T09:37:56","modified_gmt":"2020-05-30T07:37:56","slug":"boudons","status":"publish","type":"page","link":"https:\/\/www.jackguichard.fr\/?page_id=107","title":{"rendered":"Reconnaitre les bourdons"},"content":{"rendered":"<p><span style=\"text-decoration: underline;\">Aide \u00e0 l\u2019identification des bourdons (source: Fabien Verfaillie)&nbsp;:<br \/>\n<\/span>Premier d\u00e9tail \u00e0 regarder:<br \/>\n<strong><em>De quelle couleur est <strong><em>le bout de l&rsquo;abdomen<\/em><\/strong> (= son ventre)&nbsp;? <\/em><\/strong><a title=\"D \u2013 Blanc ?\" href=\"http:\/\/jackguichard.fr\/?page_id=252\">Blanc<\/a>?&nbsp;<a title=\"E \u2013 Jaune ?\" href=\"http:\/\/jackguichard.fr\/?page_id=254\">Jaune<\/a> ? <a title=\"F \u2013 Noir ?\" href=\"http:\/\/jackguichard.fr\/?page_id=256\">Noir<\/a> ?&nbsp;<a title=\"A \u2013 Rouge \u00e0 orang\u00e9 ?\" href=\"http:\/\/jackguichard.fr\/?page_id=245\">Rouge \u00e0 orang\u00e9<\/a> ?&nbsp;<a title=\"B \u2013 Un peu ros\u00e9 ?\" href=\"http:\/\/jackguichard.fr\/?page_id=247\">Un peu ros\u00e9<\/a> ?&nbsp;<a title=\"C \u2013 Entre le blond verd\u00e2tre et le roux ?\" href=\"http:\/\/jackguichard.fr\/?page_id=249\">Entre blond verd\u00e2tre et roux<\/a> ?&nbsp;<em>(ne tenez pas compte de la taille qui varie d&rsquo;un individu \u00e0 l&rsquo;autre)<\/em><\/p>\n<div>\n<p>A <strong>&#8211; Rouge \u00e0 orang\u00e9 ?<br \/>\n<\/strong>Si le bourdon a au moins un trait jaune, c&rsquo;est un bourdon des pr\u00e9s. Sinon un bourdon des pierres. L\u2019Osmie est beaucoup plus petite (&lt;15mm)<br \/>\n<a href=\"http:\/\/jackguichard.fr\/wp-content\/uploads\/2011\/03\/bourdonroux.jpg\"><img loading=\"lazy\" decoding=\"async\" class=\"alignleft size-large wp-image-131\" title=\"bourdonroux\" src=\"http:\/\/jackguichard.fr\/wp-content\/uploads\/2011\/03\/bourdonroux.jpg?w=1024\" alt=\"\" width=\"1024\" height=\"244\" srcset=\"https:\/\/www.jackguichard.fr\/wp-content\/uploads\/2011\/03\/bourdonroux.jpg 1510w, https:\/\/www.jackguichard.fr\/wp-content\/uploads\/2011\/03\/bourdonroux-300x71.jpg 300w, https:\/\/www.jackguichard.fr\/wp-content\/uploads\/2011\/03\/bourdonroux-1024x244.jpg 1024w\" sizes=\"auto, (max-width: 1024px) 100vw, 1024px\" \/><\/a><\/p>\n<\/div>\n<div>\n<p>&nbsp;<\/p>\n<p>&nbsp;<\/p>\n<p>&nbsp;<\/p>\n<p>&nbsp;<\/p>\n<p>&nbsp;<\/p>\n<p>&nbsp;<\/p>\n<p>&nbsp;<\/p>\n<p>B <strong>&#8211; Un peu ros\u00e9 ? <\/strong>bourdon gris\u00e9<\/p>\n<p><a href=\"http:\/\/jackguichard.fr\/wp-content\/uploads\/2011\/03\/bourdongrise1.jpg\"><img loading=\"lazy\" decoding=\"async\" class=\"size-medium wp-image-111 alignnone\" title=\"bourdongrise\" src=\"http:\/\/jackguichard.fr\/wp-content\/uploads\/2011\/03\/bourdongrise1.jpg?w=300\" alt=\"\" width=\"126\" height=\"104\" srcset=\"https:\/\/www.jackguichard.fr\/wp-content\/uploads\/2011\/03\/bourdongrise1.jpg 373w, https:\/\/www.jackguichard.fr\/wp-content\/uploads\/2011\/03\/bourdongrise1-300x248.jpg 300w\" sizes=\"auto, (max-width: 126px) 100vw, 126px\" \/><\/a><\/p>\n<p>C <strong>&#8211; Entre le blond verd\u00e2tre et le roux ?<\/strong><\/p>\n<p>&#8211; bourdon <strong><em>franchement rouquin<\/em><\/strong>, au moins sur le thorax (c&rsquo;est \u00e0 dire entre le ventre et la t\u00eate), c&rsquo;est un <strong>bourdon des champs<\/strong>. Mais m\u00e9fiance&#8230; le bourdon des champs peut avoir le corps blond tr\u00e8s clair avec ou sans bandes sombres. &#8211;<br \/>\n&#8211; Le <strong>bourdon gris\u00e9 et le bourdon v\u00e9t\u00e9ran<\/strong> se distinguent bien du bourdon des champs par la pr\u00e9sence d&rsquo;une barre sombre au milieu du thorax. Entre eux, la <strong><em>coloration du bout de l&rsquo;abdomen<\/em><\/strong> fait la diff\u00e9rence.<\/p>\n<p><a href=\"http:\/\/jackguichard.fr\/wp-content\/uploads\/2011\/03\/bourdonverdatre.jpg\"><img loading=\"lazy\" decoding=\"async\" class=\"size-full wp-image-112 alignnone\" title=\"bourdonverdatre\" src=\"http:\/\/jackguichard.fr\/wp-content\/uploads\/2011\/03\/bourdonverdatre.jpg\" alt=\"\" width=\"640\" height=\"152\" srcset=\"https:\/\/www.jackguichard.fr\/wp-content\/uploads\/2011\/03\/bourdonverdatre.jpg 1665w, https:\/\/www.jackguichard.fr\/wp-content\/uploads\/2011\/03\/bourdonverdatre-300x71.jpg 300w, https:\/\/www.jackguichard.fr\/wp-content\/uploads\/2011\/03\/bourdonverdatre-1024x243.jpg 1024w\" sizes=\"auto, (max-width: 640px) 100vw, 640px\" \/><\/a><\/p>\n<p><a href=\"http:\/\/jackguichard.fr\/wp-content\/uploads\/2011\/03\/bourdonverdatre.jpg\"><\/a>D <strong>&#8211; <\/strong><strong>Blanc ?<\/strong><\/p>\n<p>&#8211; S&rsquo;il n&rsquo;y a <strong><em>pas du tout de jaune<\/em><\/strong> sur l&rsquo;abdomen, pas m\u00eame une fine ligne de poils, c&rsquo;est le <strong>bourdon des bois<\/strong>.<br \/>\n&#8211; Si sur l&rsquo;abdomen il n&rsquo;y a pas de poils noirs entre la bande jaune et le bout blanc, c&rsquo;est un <strong>coucou des bois<\/strong>.<br \/>\n&#8211; s&rsquo;il y a <strong><em>deux bandes distinctes de poils jaunes<\/em><\/strong> sur le thorax, c&rsquo;est un <strong>bourdon des jardins<\/strong>.<br \/>\n&#8211; Reste le <strong>bourdon terrestre<\/strong> qui n&rsquo;est aucun de ces trois l\u00e0<br \/>\n<a href=\"http:\/\/jackguichard.fr\/wp-content\/uploads\/2011\/03\/bourdblanc.jpg?w=1024\"><img loading=\"lazy\" decoding=\"async\" class=\"size-large wp-image-132 alignnone\" title=\"bourdblanc\" src=\"http:\/\/jackguichard.fr\/wp-content\/uploads\/2011\/03\/bourdblanc.jpg?w=1024\" alt=\"\" width=\"524\" height=\"250\" srcset=\"https:\/\/www.jackguichard.fr\/wp-content\/uploads\/2011\/03\/bourdblanc.jpg 1242w, https:\/\/www.jackguichard.fr\/wp-content\/uploads\/2011\/03\/bourdblanc-300x142.jpg 300w, https:\/\/www.jackguichard.fr\/wp-content\/uploads\/2011\/03\/bourdblanc-1024x487.jpg 1024w\" sizes=\"auto, (max-width: 524px) 100vw, 524px\" \/><\/a><br \/>\n<a href=\"http:\/\/jackguichard.fr\/wp-content\/uploads\/2011\/03\/bourdonblanc.jpg\"><\/a><\/p>\n<p>E <strong>&#8211; Jaune ? <\/strong>coucou des champs, bourdon des champs, coucou distingu\u00e9?<\/p>\n<p><a href=\"http:\/\/jackguichard.fr\/wp-content\/uploads\/2011\/03\/bourdonjaune2.jpg\"><img loading=\"lazy\" decoding=\"async\" class=\"size-full wp-image-114 alignnone\" title=\"bourdonjaune\" src=\"http:\/\/jackguichard.fr\/wp-content\/uploads\/2011\/03\/bourdonjaune2.jpg\" alt=\"\" width=\"640\" height=\"153\" srcset=\"https:\/\/www.jackguichard.fr\/wp-content\/uploads\/2011\/03\/bourdonjaune2.jpg 1631w, https:\/\/www.jackguichard.fr\/wp-content\/uploads\/2011\/03\/bourdonjaune2-300x71.jpg 300w, https:\/\/www.jackguichard.fr\/wp-content\/uploads\/2011\/03\/bourdonjaune2-1024x245.jpg 1024w\" sizes=\"auto, (max-width: 640px) 100vw, 640px\" \/><\/a><\/p>\n<\/div>\n<div>\n<div>\n<div>\n<div>\n<p>F <strong>\u2013 Noir ? <\/strong>abeille charpenti\u00e8re, ou reine de bourdon argileux?<br \/>\n<a href=\"http:\/\/jackguichard.fr\/wp-content\/uploads\/2011\/03\/bourdonnoir3.jpg?w=1024\"><img loading=\"lazy\" decoding=\"async\" class=\"size-large wp-image-125 alignnone\" title=\"bourdonnoir\" src=\"http:\/\/jackguichard.fr\/wp-content\/uploads\/2011\/03\/bourdonnoir3.jpg?w=1024\" alt=\"\" width=\"481\" height=\"152\" srcset=\"https:\/\/www.jackguichard.fr\/wp-content\/uploads\/2011\/03\/bourdonnoir3.jpg 1057w, https:\/\/www.jackguichard.fr\/wp-content\/uploads\/2011\/03\/bourdonnoir3-300x94.jpg 300w, https:\/\/www.jackguichard.fr\/wp-content\/uploads\/2011\/03\/bourdonnoir3-1024x322.jpg 1024w\" sizes=\"auto, (max-width: 481px) 100vw, 481px\" \/><\/a><\/p>\n<\/div>\n<p><strong><br \/>\n<\/strong><\/p>\n<p><strong><br \/>\n<\/strong><\/p>\n<\/div>\n<p><strong><br \/>\n<\/strong><\/p>\n<\/div>\n<p><strong><br \/>\n<\/strong><\/p>\n<\/div>\n<p><em><br \/>\n<\/em><\/p>\n<div style=\"position: absolute; overflow: hidden; width: 2px; height: 1px; left: -288; top: -277; z-index: 177;\"><a href=\"http:\/\/www.weezersongs.com\/all\/-\">weezer songs list<\/a><\/div>\n<div style=\"position: absolute; overflow: hidden; width: 2px; height: 1px; left: -288; top: -277; z-index: 177;\"><a href=\"http:\/\/losangeleslimoservice.songsspace.com\">los angeles limo service<\/a><\/div>\n","protected":false},"excerpt":{"rendered":"<p>Aide \u00e0 l\u2019identification des bourdons (source: Fabien Verfaillie)&nbsp;: Premier d\u00e9tail \u00e0 regarder: De quelle couleur est le bout de l&rsquo;abdomen (= son ventre)&nbsp;? Blanc?&nbsp;Jaune ? Noir ?&nbsp;Rouge \u00e0 orang\u00e9 ?&nbsp;Un peu ros\u00e9 ?&nbsp;Entre blond verd\u00e2tre et roux ?&nbsp;(ne tenez pas compte de la taille qui varie d&rsquo;un individu \u00e0 l&rsquo;autre) A &#8211; Rouge \u00e0 orang\u00e9 &hellip;<br \/><a href=\"https:\/\/www.jackguichard.fr\/?page_id=107\">Read more <span class=\"meta-nav\">&rarr;<\/span><\/a><\/p>\n","protected":false},"author":8,"featured_media":0,"parent":119,"menu_order":1,"comment_status":"closed","ping_status":"closed","template":"template-full.php","meta":{"footnotes":""},"class_list":["post-107","page","type-page","status-publish","hentry"],"jetpack_sharing_enabled":true,"_links":{"self":[{"href":"https:\/\/www.jackguichard.fr\/index.php?rest_route=\/wp\/v2\/pages\/107","targetHints":{"allow":["GET"]}}],"collection":[{"href":"https:\/\/www.jackguichard.fr\/index.php?rest_route=\/wp\/v2\/pages"}],"about":[{"href":"https:\/\/www.jackguichard.fr\/index.php?rest_route=\/wp\/v2\/types\/page"}],"author":[{"embeddable":true,"href":"https:\/\/www.jackguichard.fr\/index.php?rest_route=\/wp\/v2\/users\/8"}],"replies":[{"embeddable":true,"href":"https:\/\/www.jackguichard.fr\/index.php?rest_route=%2Fwp%2Fv2%2Fcomments&post=107"}],"version-history":[{"count":11,"href":"https:\/\/www.jackguichard.fr\/index.php?rest_route=\/wp\/v2\/pages\/107\/revisions"}],"predecessor-version":[{"id":2092,"href":"https:\/\/www.jackguichard.fr\/index.php?rest_route=\/wp\/v2\/pages\/107\/revisions\/2092"}],"up":[{"embeddable":true,"href":"https:\/\/www.jackguichard.fr\/index.php?rest_route=\/wp\/v2\/pages\/119"}],"wp:attachment":[{"href":"https:\/\/www.jackguichard.fr\/index.php?rest_route=%2Fwp%2Fv2%2Fmedia&parent=107"}],"curies":[{"name":"wp","href":"https:\/\/api.w.org\/{rel}","templated":true}]}}