{"id":1355,"date":"2014-09-10T13:59:46","date_gmt":"2014-09-10T11:59:46","guid":{"rendered":"http:\/\/jackguichard.fr\/?page_id=1355"},"modified":"2015-02-16T18:53:02","modified_gmt":"2015-02-16T17:53:02","slug":"tout-sus-labeille","status":"publish","type":"page","link":"https:\/\/www.jackguichard.fr\/?page_id=1355","title":{"rendered":"Tout sur l&rsquo;abeille"},"content":{"rendered":"<p><span style=\"color: #3f3f3f;\">Les\u00a0<\/span><a class=\"link\" style=\"color: #e1001b;\" title=\"\" href=\"http:\/\/www.editions-lepommier.fr\/\">\u00e9ditions du Pommier<\/a><span style=\"color: #3f3f3f;\">\u00a0viennent de publier un album formidable pour les enfants.\u00a0<\/span><span style=\"font-weight: bold; color: #3f3f3f;\">Le livre de Jack Guichard et Carole X\u00e9nard s&rsquo;appelle tout simplement\u00a0<em>Tout sur l&rsquo;abeille<\/em><\/span><span style=\"color: #3f3f3f;\">, c&rsquo;est une bande dessin\u00e9e tr\u00e8s jolie, et tr\u00e8s compl\u00e8te sur la vie des abeilles, depuis leur r\u00f4le de butineuses des fleurs jusqu&rsquo;aux qualit\u00e9s des diff\u00e9rents produits de la ruche, franchement, petits ou grands je vous le recommande car vous apprendrez beaucoup de choses, et pour seulement 18\u20ac.<\/span><\/p>\n<p><a href=\"http:\/\/www.rtl.fr\/culture\/tendances\/maison-jardin-cuisine-brocante-le-bienfait-des-abeilles-7774134459\">citation de RTL<\/a><\/p>\n<p><a href=\"http:\/\/www.jardinez.com\/Librairie_coup-de-coeur_TOUT-sur-l-ABEILLE...-et-le-reste_Jack-Guichard_Edition-Editions-le-Pommier_fr_11_808\">article dans jardinez.com<\/a><\/p>\n","protected":false},"excerpt":{"rendered":"<p>Les\u00a0\u00e9ditions du Pommier\u00a0viennent de publier un album formidable pour les enfants.\u00a0Le livre de Jack Guichard et Carole X\u00e9nard s&rsquo;appelle tout simplement\u00a0Tout sur l&rsquo;abeille, c&rsquo;est une bande dessin\u00e9e tr\u00e8s jolie, et tr\u00e8s compl\u00e8te sur la vie des abeilles, depuis leur r\u00f4le de butineuses des fleurs jusqu&rsquo;aux qualit\u00e9s des diff\u00e9rents produits de la ruche, franchement, petits ou &hellip;<br \/><a href=\"https:\/\/www.jackguichard.fr\/?page_id=1355\">Read more <span class=\"meta-nav\">&rarr;<\/span><\/a><\/p>\n","protected":false},"author":8,"featured_media":0,"parent":609,"menu_order":4,"comment_status":"closed","ping_status":"closed","template":"template-full.php","meta":{"footnotes":""},"class_list":["post-1355","page","type-page","status-publish","hentry"],"jetpack_sharing_enabled":true,"_links":{"self":[{"href":"https:\/\/www.jackguichard.fr\/index.php?rest_route=\/wp\/v2\/pages\/1355","targetHints":{"allow":["GET"]}}],"collection":[{"href":"https:\/\/www.jackguichard.fr\/index.php?rest_route=\/wp\/v2\/pages"}],"about":[{"href":"https:\/\/www.jackguichard.fr\/index.php?rest_route=\/wp\/v2\/types\/page"}],"author":[{"embeddable":true,"href":"https:\/\/www.jackguichard.fr\/index.php?rest_route=\/wp\/v2\/users\/8"}],"replies":[{"embeddable":true,"href":"https:\/\/www.jackguichard.fr\/index.php?rest_route=%2Fwp%2Fv2%2Fcomments&post=1355"}],"version-history":[{"count":3,"href":"https:\/\/www.jackguichard.fr\/index.php?rest_route=\/wp\/v2\/pages\/1355\/revisions"}],"predecessor-version":[{"id":1445,"href":"https:\/\/www.jackguichard.fr\/index.php?rest_route=\/wp\/v2\/pages\/1355\/revisions\/1445"}],"up":[{"embeddable":true,"href":"https:\/\/www.jackguichard.fr\/index.php?rest_route=\/wp\/v2\/pages\/609"}],"wp:attachment":[{"href":"https:\/\/www.jackguichard.fr\/index.php?rest_route=%2Fwp%2Fv2%2Fmedia&parent=1355"}],"curies":[{"name":"wp","href":"https:\/\/api.w.org\/{rel}","templated":true}]}}