{"id":1400,"date":"2014-11-21T17:47:47","date_gmt":"2014-11-21T16:47:47","guid":{"rendered":"http:\/\/jackguichard.fr\/?page_id=1400"},"modified":"2016-02-28T14:30:11","modified_gmt":"2016-02-28T13:30:11","slug":"experiences-a-noel","status":"publish","type":"page","link":"https:\/\/www.jackguichard.fr\/?page_id=1400","title":{"rendered":"Exp\u00e9riences \u00e0 No\u00ebl"},"content":{"rendered":"<p><a href=\"http:\/\/www.editions-lepommier.fr\/ouvrage.asp?IDLivre=706\"><span class=\"titbleu\">Exp\u00e9riences \u00e0 no\u00ebl<\/span><\/a><br \/>\n<a href=\"http:\/\/www.editions-lepommier.fr\/ouvrage.asp?IDLivre=706\">D\u00e9fie tes copains et ram\u00e8ne ta science !<\/a><\/p>\n<table border=\"0\" width=\"100%\" cellspacing=\"0\" cellpadding=\"0\">\n<tbody>\n<tr>\n<td bgcolor=\"#d0c0bf\"><\/td>\n<\/tr>\n<\/tbody>\n<\/table>\n<p><img loading=\"lazy\" decoding=\"async\" class=\"alignleft size-full wp-image-1401\" src=\"http:\/\/jackguichard.fr\/wp-content\/uploads\/2014\/11\/74650861.jpg\" alt=\"74650861\" width=\"133\" height=\"194\" \/><\/p>\n<table>\n<tbody>\n<tr>\n<td valign=\"top\" width=\"349\"><span class=\"bleu\"><b>Auteur :\u00a0<\/b>Jack Guichard, Guy Simonin, Kamil Fadel<br \/>\n<b>Illustrateur :\u00a0<\/b>Illustrations de Lucie Maillot<br \/>\n<b>Collection :\u00a0<\/b><a class=\"bleu\" href=\"http:\/\/www.editions-lepommier.fr\/collection.asp?IDCollection=7\">Hors collection jeunesse<\/a><br \/>\nCartonn\u00e9, 96 pages (120 x 175 mm)\u00a0<b>Prix :\u00a0<\/b>9,90 \u20ac<br \/>\n<b>ISBN\/EAN :\u00a0<\/b>978-2-7465-0861-3 \/\u00a0<\/span><\/p>\n<p align=\"justify\"><span class=\"basic\">\u2022 Au programme, en attendant d\u2019ouvrir ses cadeaux : r\u00e9alise une carte de no\u00ebl en 3D pour ta mamie, aide tes parents \u00e0 s\u00e9parer facilement le blanc des jaunes (d\u2019\u0153uf) pour la buche, fais sauter des \u00e9toiles de no\u00ebl, fais des grenouilles avec un ticket de m\u00e9tro, et bien d\u2019autres encore ! \u2022 20 exp\u00e9riences scientifiques, sous forme de d\u00e9fis \u00e0 partager, illustr\u00e9es de dessins humoristiques. \u2022 Toutes les exp\u00e9riences sont r\u00e9alisables avec du mat\u00e9riel simple : bouchon de bouteille, fourchette, serviette en papier, pi\u00e8ce de monnaie, flute \u00e0 champagne, etc. \u2022 En + : Une explication scientifique simple, pour faire d\u00e9couvrir aux copains ou aux parents, qu\u2019ils rencontrent, dans leur vie quotidienne, les ph\u00e9nom\u00e8nes en jeu dans les exp\u00e9riences.\u00a0<\/span><\/p>\n<p align=\"justify\"><span class=\"basic\">Jack Guichard a \u00e9t\u00e9 Directeur du Palais de la d\u00e9couverte. Professeur des Universit\u00e9s, il est \u00e0 la fois scientifique et sp\u00e9cialiste d\u2019\u00e9ducation et de communication.<br \/>\nGuy Simonin, directeur de la m\u00e9diation scientifique et de l\u2019\u00e9ducation d\u2019Universcience, a \u00e9t\u00e9 directeur scientifique du Palais de la d\u00e9couverte, enseignant et chercheur en biologie mol\u00e9culaire.<br \/>\nKamil Fadel, conf\u00e9rencier et auteur de plus de 300 articles de vulgarisation scientifique, dirige l&rsquo;unit\u00e9 Physique du Palais de la d\u00e9couverte.<br \/>\n<\/span><\/p>\n<p align=\"justify\"><span class=\"basic\">Lucie Maillot a obtenu en 2013 son Dipl\u00f4me National Sup\u00e9rieur d\u2019Expression Plastique mention syst\u00e8mes graphiques et narratifs \u00e0 l\u2019\u00c9cole Sup\u00e9rieure d\u2019Art de Lorraine (Metz). Elle a particip\u00e9 \u00e0 de nombreuses expositions ainsi qu\u2019\u00e0 des projets collectifs d\u2019\u00e9dition. Elle appr\u00e9cie particuli\u00e8rement la bande dessin\u00e9e pseudo-autobiographique et le reportage dessin\u00e9. Au Pommier, elle a illustr\u00e9 les Exp\u00e9riences \u00e0 la plage.<\/span><\/p>\n<div class=\"ob-section ob-section-html\">\n<p id=\"yui_3_5_0_1_1449649250373_68140\"><span id=\"yui_3_5_0_1_1449649250373_68139\">http:\/\/www.luckysophie.com\/2015\/12\/nos-lectures-de-noel.html<\/span><\/p>\n<p><span id=\"yui_3_5_0_1_1449649250373_68139\">Ce livre propose\u00a0<strong>21 exp\u00e9riences scientifiques \u00e9patantes et simples \u00e0 r\u00e9aliser<\/strong>: d\u00e9roul\u00e9, astuces et explications du ph\u00e9nom\u00e8ne, c&rsquo;est tout tr\u00e8s bien expliqu\u00e9 et g\u00e9nial pour que les enfants \u00e9patent la galerie par exemple en coupant une banane avec du papier cadeau !<\/span><\/p>\n<\/div>\n<div class=\"ob-section ob-section-images ob-default\">\n<div class=\"ob-row-1-col\"><a class=\"ob-link-img\" href=\"http:\/\/img.over-blog-kiwi.com\/1\/40\/66\/69\/20151209\/ob_f4ef61_experiences-a-noel-le-pommier.jpg\" rel=\"fancybox\"><img decoding=\"async\" class=\"ob-cell ob-img ob-media\" src=\"http:\/\/img.over-blog-kiwi.com\/1\/40\/66\/69\/20151209\/ob_f4ef61_experiences-a-noel-le-pommier.jpg\" alt=\"Nos lectures de No\u00ebl ! \ufffd\ufffd\ufffd\" \/><\/a><\/div>\n<\/div>\n<\/td>\n<\/tr>\n<\/tbody>\n<\/table>\n","protected":false},"excerpt":{"rendered":"<p>Exp\u00e9riences \u00e0 no\u00ebl D\u00e9fie tes copains et ram\u00e8ne ta science ! Auteur :\u00a0Jack Guichard, Guy Simonin, Kamil Fadel Illustrateur :\u00a0Illustrations de Lucie Maillot Collection :\u00a0Hors collection jeunesse Cartonn\u00e9, 96 pages (120 x 175 mm)\u00a0Prix :\u00a09,90 \u20ac ISBN\/EAN :\u00a0978-2-7465-0861-3 \/\u00a0 \u2022 Au programme, en attendant d\u2019ouvrir ses cadeaux : r\u00e9alise une carte de no\u00ebl en 3D &hellip;<br \/><a href=\"https:\/\/www.jackguichard.fr\/?page_id=1400\">Read more <span class=\"meta-nav\">&rarr;<\/span><\/a><\/p>\n","protected":false},"author":8,"featured_media":0,"parent":1511,"menu_order":5,"comment_status":"closed","ping_status":"closed","template":"template-full.php","meta":{"footnotes":""},"class_list":["post-1400","page","type-page","status-publish","hentry"],"jetpack_sharing_enabled":true,"_links":{"self":[{"href":"https:\/\/www.jackguichard.fr\/index.php?rest_route=\/wp\/v2\/pages\/1400","targetHints":{"allow":["GET"]}}],"collection":[{"href":"https:\/\/www.jackguichard.fr\/index.php?rest_route=\/wp\/v2\/pages"}],"about":[{"href":"https:\/\/www.jackguichard.fr\/index.php?rest_route=\/wp\/v2\/types\/page"}],"author":[{"embeddable":true,"href":"https:\/\/www.jackguichard.fr\/index.php?rest_route=\/wp\/v2\/users\/8"}],"replies":[{"embeddable":true,"href":"https:\/\/www.jackguichard.fr\/index.php?rest_route=%2Fwp%2Fv2%2Fcomments&post=1400"}],"version-history":[{"count":3,"href":"https:\/\/www.jackguichard.fr\/index.php?rest_route=\/wp\/v2\/pages\/1400\/revisions"}],"predecessor-version":[{"id":1515,"href":"https:\/\/www.jackguichard.fr\/index.php?rest_route=\/wp\/v2\/pages\/1400\/revisions\/1515"}],"up":[{"embeddable":true,"href":"https:\/\/www.jackguichard.fr\/index.php?rest_route=\/wp\/v2\/pages\/1511"}],"wp:attachment":[{"href":"https:\/\/www.jackguichard.fr\/index.php?rest_route=%2Fwp%2Fv2%2Fmedia&parent=1400"}],"curies":[{"name":"wp","href":"https:\/\/api.w.org\/{rel}","templated":true}]}}