{"id":1497,"date":"2015-12-10T17:53:10","date_gmt":"2015-12-10T16:53:10","guid":{"rendered":"http:\/\/jackguichard.fr\/?page_id=1497"},"modified":"2020-01-27T18:08:04","modified_gmt":"2020-01-27T17:08:04","slug":"soiree-magie-50-experiences-2","status":"publish","type":"page","link":"https:\/\/www.jackguichard.fr\/?page_id=1497","title":{"rendered":"Soir\u00e9e magie : 50 experiences"},"content":{"rendered":"<p><strong>Nouveaut\u00e9&nbsp;2015 &#8211; pour les f\u00eates &#8211; et comme id\u00e9e de cadeau de No\u00ebl &#8211; ne manquez pas&nbsp;le&nbsp;nouveau&nbsp;livre :&nbsp;Soir\u00e9e magie : 50 exp\u00e9riences, \u00e9ditions Le Pommier<\/strong><\/p>\n<p><span class=\"titbleu\">Soir\u00e9e magie<\/span><br \/>\n50 exp\u00e9riences et leurs explications scientifiques<\/p>\n<table>\n<tbody>\n<tr>\n<td valign=\"top\" width=\"349\"><span class=\"bleu\"><b>Auteur :&nbsp;<\/b>Jack Guichard, Guy Simonin, Kamil Fadel<br \/>\n<b>Collection :&nbsp;<\/b><a class=\"bleu\" href=\"http:\/\/www.editions-lepommier.fr\/collection.asp?IDCollection=92\">Impromptus<\/a><br \/>\nSpirale, 168 pages (170 x 210 mm)&nbsp;<b>Prix :&nbsp;<\/b>19.90 \u20ac<br \/>\n<b>ISBN\/EAN :&nbsp;<\/b>978-2-7465-1047-0 \/ 9782746510470<\/span><\/p>\n<p align=\"justify\"><span class=\"basic\">Vous allez surprendre vos amis avec ces tours de magie plus \u00e9tonnants les uns que les autres, tout au long d\u2019une soir\u00e9e qui s\u2019annonce m\u00e9morable. En cadeau de bienvenue, vous pourrez commencer par mettre le feu \u00e0 l\u2019un de leurs billets\u2026 sans le br\u00fbler ; pour l\u2019ap\u00e9ritif, transformez l\u2019eau en glace sous leurs yeux \u00e9bahis ; au d\u00eener, viendra le temps de faire danser une coquille d\u2019\u0153uf sur le bord d\u2019une assiette ; le dessert vous donnera l\u2019occasion de voir le soleil couchant dans un verre ; au caf\u00e9, vous d\u00e9montrerez encore une fois l\u2019\u00e9tendue de vos talents en transformant un sachet de th\u00e9 en fus\u00e9e avant de terminer la soir\u00e9e en coupant une bouteille de verre avec un fil de laine!<br \/>\nCes tours de magie sont tr\u00e8s faciles \u00e0 r\u00e9aliser. Pour chacun d\u2019eux, vous d\u00e9couvrirez comment le pr\u00e9senter, le mat\u00e9riel \u00e0 pr\u00e9parer et les \u00e9tapes du tour illustr\u00e9es par des sch\u00e9mas afin de le r\u00e9ussir \u00e0 coup s\u00fbr.<br \/>\nVous fascinerez vos amis en leur d\u00e9voilant des explications simples et compr\u00e9hensibles des ph\u00e9nom\u00e8nes scientifiques en jeu. Ils pourront ainsi \u00e0 leur tour devenir magiciens d\u2019un soir !<\/span><\/p>\n<p align=\"justify\"><span class=\"basic\"><b>Jack Guichard&nbsp;<\/b>a \u00e9t\u00e9 Directeur du Palais de la d\u00e9couverte. Professeur des Universit\u00e9s, il est \u00e0 la fois scientifique et sp\u00e9cialiste d\u2019\u00e9ducation et de communication.<br \/>\n<b>Kamil Fadel&nbsp;<\/b>, conf\u00e9rencier et auteur de plus de 300 articles de vulgarisation scientifique, dirige l\u2019unit\u00e9 Physique du Palais de la d\u00e9couverte.<br \/>\n<b>Guy Simonin<\/b>, directeur de la m\u00e9diation scientifique et de l\u2019\u00e9ducation d\u2019Universcience, a \u00e9t\u00e9 directeur scientifique du Palais de la d\u00e9couverte, enseignant et chercheur en biologie mol\u00e9culaire.<\/span><\/p>\n<p><a href=\"http:\/\/www.editions-belin.com\/ewb_pages\/f\/fiche-article-soiree-magie-26947.php?lst_ref=1\">Pour acheter cet ouvrage, cliquer ici<\/a><\/td>\n<\/tr>\n<\/tbody>\n<\/table>\n<p>&nbsp;<\/p>\n<p><a href=\"http:\/\/jackguichard.fr\/wp-content\/uploads\/2015\/08\/74651047_SoireeMagie.jpg\"><img loading=\"lazy\" decoding=\"async\" class=\"alignleft size-large wp-image-1478\" src=\"http:\/\/jackguichard.fr\/wp-content\/uploads\/2015\/08\/74651047_SoireeMagie-1024x871.jpg\" alt=\"1-50EX3_16PAGES_150629.indd\" width=\"590\" height=\"502\" srcset=\"https:\/\/www.jackguichard.fr\/wp-content\/uploads\/2015\/08\/74651047_SoireeMagie-1024x871.jpg 1024w, https:\/\/www.jackguichard.fr\/wp-content\/uploads\/2015\/08\/74651047_SoireeMagie-300x255.jpg 300w\" sizes=\"auto, (max-width: 590px) 100vw, 590px\" \/><\/a><\/p>\n","protected":false},"excerpt":{"rendered":"<p>Nouveaut\u00e9&nbsp;2015 &#8211; pour les f\u00eates &#8211; et comme id\u00e9e de cadeau de No\u00ebl &#8211; ne manquez pas&nbsp;le&nbsp;nouveau&nbsp;livre :&nbsp;Soir\u00e9e magie : 50 exp\u00e9riences, \u00e9ditions Le Pommier Soir\u00e9e magie 50 exp\u00e9riences et leurs explications scientifiques Auteur :&nbsp;Jack Guichard, Guy Simonin, Kamil Fadel Collection :&nbsp;Impromptus Spirale, 168 pages (170 x 210 mm)&nbsp;Prix :&nbsp;19.90 \u20ac ISBN\/EAN :&nbsp;978-2-7465-1047-0 \/ 9782746510470 &hellip;<br \/><a href=\"https:\/\/www.jackguichard.fr\/?page_id=1497\">Read more <span class=\"meta-nav\">&rarr;<\/span><\/a><\/p>\n","protected":false},"author":8,"featured_media":0,"parent":1511,"menu_order":1,"comment_status":"closed","ping_status":"closed","template":"template-full.php","meta":{"footnotes":""},"class_list":["post-1497","page","type-page","status-publish","hentry"],"jetpack_sharing_enabled":true,"_links":{"self":[{"href":"https:\/\/www.jackguichard.fr\/index.php?rest_route=\/wp\/v2\/pages\/1497","targetHints":{"allow":["GET"]}}],"collection":[{"href":"https:\/\/www.jackguichard.fr\/index.php?rest_route=\/wp\/v2\/pages"}],"about":[{"href":"https:\/\/www.jackguichard.fr\/index.php?rest_route=\/wp\/v2\/types\/page"}],"author":[{"embeddable":true,"href":"https:\/\/www.jackguichard.fr\/index.php?rest_route=\/wp\/v2\/users\/8"}],"replies":[{"embeddable":true,"href":"https:\/\/www.jackguichard.fr\/index.php?rest_route=%2Fwp%2Fv2%2Fcomments&post=1497"}],"version-history":[{"count":5,"href":"https:\/\/www.jackguichard.fr\/index.php?rest_route=\/wp\/v2\/pages\/1497\/revisions"}],"predecessor-version":[{"id":2043,"href":"https:\/\/www.jackguichard.fr\/index.php?rest_route=\/wp\/v2\/pages\/1497\/revisions\/2043"}],"up":[{"embeddable":true,"href":"https:\/\/www.jackguichard.fr\/index.php?rest_route=\/wp\/v2\/pages\/1511"}],"wp:attachment":[{"href":"https:\/\/www.jackguichard.fr\/index.php?rest_route=%2Fwp%2Fv2%2Fmedia&parent=1497"}],"curies":[{"name":"wp","href":"https:\/\/api.w.org\/{rel}","templated":true}]}}