{"id":1541,"date":"2016-02-28T18:24:39","date_gmt":"2016-02-28T17:24:39","guid":{"rendered":"http:\/\/jackguichard.fr\/?page_id=1541"},"modified":"2016-02-28T18:26:13","modified_gmt":"2016-02-28T17:26:13","slug":"communication-scientifique","status":"publish","type":"page","link":"https:\/\/www.jackguichard.fr\/?page_id=1541","title":{"rendered":"communication scientifique"},"content":{"rendered":"<p><strong>Livres de r\u00e9flexion sur la place des sciences dans la soci\u00e9t\u00e9 :<a href=\"http:\/\/jackguichard.fr\/?attachment_id=362\" rel=\"attachment wp-att-362\"><img loading=\"lazy\" decoding=\"async\" class=\"alignright size-medium wp-image-362\" title=\"jguichard\" src=\"http:\/\/jackguichard.fr\/wp-content\/uploads\/2011\/03\/jguichard-188x300.jpg\" alt=\"\" width=\"188\" height=\"300\" \/><\/a><br \/>\n<\/strong>\u2013\u00a0<strong><a title=\"La Science ? un plaisir ! Que faire de l\u2019irrationnel\" href=\"http:\/\/jackguichard.fr\/?page_id=45\" target=\"_blank\">La science ? Un plaisir\u00a0!<\/a><\/strong>\u00a0\u00e9dition Ovadia, 2010<\/p>\n<p><strong>Comment communiquer les sciences<\/strong>\u00a0:<\/p>\n<p>\u2013\u00a0<a title=\"M\u00e9diatique des sciences\" href=\"http:\/\/jackguichard.fr\/?page_id=159\" target=\"_blank\">M\u00e9diatique des sciences<\/a>, PUF, 2000<\/p>\n","protected":false},"excerpt":{"rendered":"<p>Livres de r\u00e9flexion sur la place des sciences dans la soci\u00e9t\u00e9 : \u2013\u00a0La science ? Un plaisir\u00a0!\u00a0\u00e9dition Ovadia, 2010 Comment communiquer les sciences\u00a0: \u2013\u00a0M\u00e9diatique des sciences, PUF, 2000<\/p>\n","protected":false},"author":8,"featured_media":0,"parent":33,"menu_order":3,"comment_status":"closed","ping_status":"closed","template":"template-full.php","meta":{"footnotes":""},"class_list":["post-1541","page","type-page","status-publish","hentry"],"jetpack_sharing_enabled":true,"_links":{"self":[{"href":"https:\/\/www.jackguichard.fr\/index.php?rest_route=\/wp\/v2\/pages\/1541","targetHints":{"allow":["GET"]}}],"collection":[{"href":"https:\/\/www.jackguichard.fr\/index.php?rest_route=\/wp\/v2\/pages"}],"about":[{"href":"https:\/\/www.jackguichard.fr\/index.php?rest_route=\/wp\/v2\/types\/page"}],"author":[{"embeddable":true,"href":"https:\/\/www.jackguichard.fr\/index.php?rest_route=\/wp\/v2\/users\/8"}],"replies":[{"embeddable":true,"href":"https:\/\/www.jackguichard.fr\/index.php?rest_route=%2Fwp%2Fv2%2Fcomments&post=1541"}],"version-history":[{"count":2,"href":"https:\/\/www.jackguichard.fr\/index.php?rest_route=\/wp\/v2\/pages\/1541\/revisions"}],"predecessor-version":[{"id":1543,"href":"https:\/\/www.jackguichard.fr\/index.php?rest_route=\/wp\/v2\/pages\/1541\/revisions\/1543"}],"up":[{"embeddable":true,"href":"https:\/\/www.jackguichard.fr\/index.php?rest_route=\/wp\/v2\/pages\/33"}],"wp:attachment":[{"href":"https:\/\/www.jackguichard.fr\/index.php?rest_route=%2Fwp%2Fv2%2Fmedia&parent=1541"}],"curies":[{"name":"wp","href":"https:\/\/api.w.org\/{rel}","templated":true}]}}