{"id":1621,"date":"2017-03-11T18:53:38","date_gmt":"2017-03-11T17:53:38","guid":{"rendered":"http:\/\/jackguichard.fr\/?page_id=1621"},"modified":"2022-01-03T11:35:14","modified_gmt":"2022-01-03T10:35:14","slug":"anatomia","status":"publish","type":"page","link":"https:\/\/www.jackguichard.fr\/?page_id=1621","title":{"rendered":"ANATOMIA"},"content":{"rendered":"<p>&nbsp;<\/p>\n<div><img loading=\"lazy\" decoding=\"async\" class=\"alignleft size-full wp-image-1616\" src=\"http:\/\/jackguichard.fr\/wp-content\/uploads\/2011\/03\/anatomia1-145x200.jpg\" alt=\"\" width=\"145\" height=\"200\"><\/div>\n<div><strong><a href=\"http:\/\/www.editionsmilan-leblog.com\/2016\/11\/16\/anatomia-le-corps-humain-comme-vous-ne-lavez-jamais-vu\/\">Anatomia, \u00e9ditions Milan<\/a><\/strong><\/div>\n<div>\n<h3>Imaginez le corps humain comme une ville\u2026<\/h3>\n<p>un voyage inattendu, graphique (et grand format !) au c\u0153ur des rouages du corps humain.<\/p>\n<p>Pour aborder ce sujet qui passionne les enfants,&nbsp;Jack Guichard, Normalien, biologiste, sp\u00e9cialiste de l\u2019\u00e9ducation et ancien directeur du palais de la D\u00e9couverte, nous fait partager son savoir de fa\u00e7on inventive et \u00e9veille notre curiosit\u00e9 au fil des pages.<\/p>\n<p><em><a href=\"http:\/\/www.editionsmilan.com\/livres-jeunesse\/documentaires\/7-ans-et-plus\/anatomia\">Anatomia&nbsp;<\/a><\/em>vous attend en librairie ! Une belle id\u00e9e cadeau par exemple. Et comme une bonne nouvelle n\u2019arrive jamais seule, le titre est en comp\u00e9tition pour obtenir le&nbsp;Prix P\u00e9pites 2016&nbsp;d\u00e9cern\u00e9 par le Salon du livre et de la presse jeunesse \u00e0 Montreuil, dans la tranche d\u2019\u00e2ge des 8-11 ans, cat\u00e9gorie \u00ab&nbsp;Moyen&nbsp;\u00bb.<\/p>\n<\/div>\n<div>et sa&nbsp;<a href=\"https:\/\/vimeo.com\/192465641\">vid\u00e9o de pr\u00e9sentation<\/a><\/div>\n<div>\n<p>D\u00e9couvrez sa&nbsp;pr\u00e9sentation en vid\u00e9o&nbsp;:<\/p>\n<p><iframe loading=\"lazy\" title=\"Anatomia\" src=\"https:\/\/player.vimeo.com\/video\/192465641\" width=\"500\" height=\"281\" frameborder=\"0\" allowfullscreen=\"allowfullscreen\"><\/iframe><\/p>\n<\/div>\n<div>&nbsp;<a href=\"http:\/\/jackguichard.fr\/wp-content\/uploads\/2017\/09\/Anatomia_mamanonbouge.23.08.2017.pdf\">article revue_maman on bouge.23.08.2017<\/a><\/div>\n<div><\/div>\n<div><a href=\"http:\/\/jackguichard.fr\/wp-content\/uploads\/2017\/09\/Anatomia_Les-sandalesdEmp\u00e9docles.21.08.2017.pdf\">article revue_Les sandalesdEmp\u00e9docles.21.08.2017<\/a><\/div>\n<div><\/div>\n<div><a href=\"https:\/\/ptitlibe.liberation.fr\/p-tit-libe\/2018\/01\/05\/mon-coin-lecture_1620146\">article dans lib\u00e9ration<\/a><\/div>\n<div>\n<p><span class=\"nickname\">POUR LES GRANDS FR\u00c8RES ET LES GRANDES S\u0152URS<\/span><\/p>\n<p><span class=\"complement\"><strong>Anatomia&nbsp;: cartographie du corps humain<\/strong><\/span>&nbsp;de Jack Guichard, illustr\u00e9 par Alexandre Verhille et Sarah Tavernier (Milan, 19,90 euros). A partir de 13&nbsp;ans.<\/p>\n<p>Imagine que ton corps fonctionne comme une grande ville avec ses immeubles (le squelette et la peau), son restaurant (l\u2019estomac), ses transports urbains (les veines ou les art\u00e8res) ou son studio de cin\u00e9ma (la vision)\u2026 Tu comprendras ainsi bien mieux comment fonctionne le corps humain qui est une machine sacr\u00e9ment bien organis\u00e9e&nbsp;! Chaque double page de ce grand album explique ainsi une partie du fonctionnement de notre organisme avec de nombreux dessins et sch\u00e9mas. Et c\u2019est fabuleux de d\u00e9couvrir notre corps comme un touriste.<\/p>\n<\/div>\n<div><\/div>\n","protected":false},"excerpt":{"rendered":"<p>&nbsp; Anatomia, \u00e9ditions Milan Imaginez le corps humain comme une ville\u2026 un voyage inattendu, graphique (et grand format !) au c\u0153ur des rouages du corps humain. Pour aborder ce sujet qui passionne les enfants,&nbsp;Jack Guichard, Normalien, biologiste, sp\u00e9cialiste de l\u2019\u00e9ducation et ancien directeur du palais de la D\u00e9couverte, nous fait partager son savoir de fa\u00e7on &hellip;<br \/><a href=\"https:\/\/www.jackguichard.fr\/?page_id=1621\">Read more <span class=\"meta-nav\">&rarr;<\/span><\/a><\/p>\n","protected":false},"author":8,"featured_media":0,"parent":33,"menu_order":3,"comment_status":"closed","ping_status":"closed","template":"template-full.php","meta":{"footnotes":""},"class_list":["post-1621","page","type-page","status-publish","hentry"],"jetpack_sharing_enabled":true,"_links":{"self":[{"href":"https:\/\/www.jackguichard.fr\/index.php?rest_route=\/wp\/v2\/pages\/1621","targetHints":{"allow":["GET"]}}],"collection":[{"href":"https:\/\/www.jackguichard.fr\/index.php?rest_route=\/wp\/v2\/pages"}],"about":[{"href":"https:\/\/www.jackguichard.fr\/index.php?rest_route=\/wp\/v2\/types\/page"}],"author":[{"embeddable":true,"href":"https:\/\/www.jackguichard.fr\/index.php?rest_route=\/wp\/v2\/users\/8"}],"replies":[{"embeddable":true,"href":"https:\/\/www.jackguichard.fr\/index.php?rest_route=%2Fwp%2Fv2%2Fcomments&post=1621"}],"version-history":[{"count":6,"href":"https:\/\/www.jackguichard.fr\/index.php?rest_route=\/wp\/v2\/pages\/1621\/revisions"}],"predecessor-version":[{"id":2398,"href":"https:\/\/www.jackguichard.fr\/index.php?rest_route=\/wp\/v2\/pages\/1621\/revisions\/2398"}],"up":[{"embeddable":true,"href":"https:\/\/www.jackguichard.fr\/index.php?rest_route=\/wp\/v2\/pages\/33"}],"wp:attachment":[{"href":"https:\/\/www.jackguichard.fr\/index.php?rest_route=%2Fwp%2Fv2%2Fmedia&parent=1621"}],"curies":[{"name":"wp","href":"https:\/\/api.w.org\/{rel}","templated":true}]}}