{"id":1725,"date":"2017-10-17T15:18:44","date_gmt":"2017-10-17T13:18:44","guid":{"rendered":"http:\/\/jackguichard.fr\/?page_id=1725"},"modified":"2020-01-27T18:11:09","modified_gmt":"2020-01-27T17:11:09","slug":"defier-votre-cerveau","status":"publish","type":"page","link":"https:\/\/www.jackguichard.fr\/?page_id=1725","title":{"rendered":"DEFIER VOTRE CERVEAU\u00a0"},"content":{"rendered":"<p>Conf\u00e9rence interactive pour tout public<\/p>\n<p>Le conf\u00e9rencier proposera un \u00e9clairage sur le fonctionnement de notre cerveau et le moyen de d\u00e9velopper ses capacit\u00e9s c\u00e9r\u00e9brales au travers de petits tests et des jeux amusants. Chaque jeu est le pr\u00e9texte \u00e0 une courte explication (en termes tr\u00e8s simples) qui permet de comprendre comment notre cerveau a fonctionn\u00e9 au travers de l\u2019exp\u00e9rience propos\u00e9e. Il d\u00e9montrera ainsi que chacun de nous, quelque soit son \u00e2ge, a ses particularit\u00e9s et un potentiel \u00e0 d\u00e9velopper.<\/p>\n<p>&nbsp;<\/p>\n<p>Notre cerveau est le moteur de nos activit\u00e9s et de notre pens\u00e9e. Il traite en m\u00eame temps toutes les informations de notre environnement, qu\u2019elles soient visuelles, auditives, tactiles ou olfactives. Pour agir, notre cerveau mobilise l\u2019attention pour s\u00e9lectionner les informations pertinentes, la m\u00e9moire de travail pour les manipuler en temps r\u00e9el, la m\u00e9moire \u00e0 long terme pour les enregistrer, puis les retrouver au moment opportun. Toutes ces informations et surtout leurs interactions nourrissent nos diff\u00e9rentes formes d\u2019intelligences, sachant que les \u00e9motions jouent un r\u00f4le fondamental dans tous ces processus.<img loading=\"lazy\" decoding=\"async\" class=\"alignright wp-image-1828 size-medium\" src=\"http:\/\/jackguichard.fr\/wp-content\/uploads\/2018\/01\/cerveau1-169x300.jpg\" alt=\"\" width=\"169\" height=\"300\" srcset=\"https:\/\/www.jackguichard.fr\/wp-content\/uploads\/2018\/01\/cerveau1-169x300.jpg 169w, https:\/\/www.jackguichard.fr\/wp-content\/uploads\/2018\/01\/cerveau1-768x1362.jpg 768w, https:\/\/www.jackguichard.fr\/wp-content\/uploads\/2018\/01\/cerveau1-577x1024.jpg 577w, https:\/\/www.jackguichard.fr\/wp-content\/uploads\/2018\/01\/cerveau1.jpg 1734w\" sizes=\"auto, (max-width: 169px) 100vw, 169px\" \/><\/p>\n<p><img loading=\"lazy\" decoding=\"async\" class=\"alignleft wp-image-1694 size-full\" src=\"http:\/\/jackguichard.fr\/wp-content\/uploads\/2011\/03\/2066655_medium.jpg\" alt=\"\" width=\"200\" height=\"268\"><\/p>\n<p><img loading=\"lazy\" decoding=\"async\" class=\"alignright wp-image-1775 size-medium\" src=\"http:\/\/jackguichard.fr\/wp-content\/uploads\/2017\/10\/IMG_8854red-225x300.jpg\" alt=\"\" width=\"225\" height=\"300\" srcset=\"https:\/\/www.jackguichard.fr\/wp-content\/uploads\/2017\/10\/IMG_8854red-225x300.jpg 225w, https:\/\/www.jackguichard.fr\/wp-content\/uploads\/2017\/10\/IMG_8854red-768x1024.jpg 768w\" sizes=\"auto, (max-width: 225px) 100vw, 225px\" \/><\/p>\n","protected":false},"excerpt":{"rendered":"<p>Conf\u00e9rence interactive pour tout public Le conf\u00e9rencier proposera un \u00e9clairage sur le fonctionnement de notre cerveau et le moyen de d\u00e9velopper ses capacit\u00e9s c\u00e9r\u00e9brales au travers de petits tests et des jeux amusants. Chaque jeu est le pr\u00e9texte \u00e0 une courte explication (en termes tr\u00e8s simples) qui permet de comprendre comment notre cerveau a fonctionn\u00e9 &hellip;<br \/><a href=\"https:\/\/www.jackguichard.fr\/?page_id=1725\">Read more <span class=\"meta-nav\">&rarr;<\/span><\/a><\/p>\n","protected":false},"author":8,"featured_media":0,"parent":27,"menu_order":1,"comment_status":"closed","ping_status":"closed","template":"template-full.php","meta":{"footnotes":""},"class_list":["post-1725","page","type-page","status-publish","hentry"],"jetpack_sharing_enabled":true,"_links":{"self":[{"href":"https:\/\/www.jackguichard.fr\/index.php?rest_route=\/wp\/v2\/pages\/1725","targetHints":{"allow":["GET"]}}],"collection":[{"href":"https:\/\/www.jackguichard.fr\/index.php?rest_route=\/wp\/v2\/pages"}],"about":[{"href":"https:\/\/www.jackguichard.fr\/index.php?rest_route=\/wp\/v2\/types\/page"}],"author":[{"embeddable":true,"href":"https:\/\/www.jackguichard.fr\/index.php?rest_route=\/wp\/v2\/users\/8"}],"replies":[{"embeddable":true,"href":"https:\/\/www.jackguichard.fr\/index.php?rest_route=%2Fwp%2Fv2%2Fcomments&post=1725"}],"version-history":[{"count":7,"href":"https:\/\/www.jackguichard.fr\/index.php?rest_route=\/wp\/v2\/pages\/1725\/revisions"}],"predecessor-version":[{"id":2044,"href":"https:\/\/www.jackguichard.fr\/index.php?rest_route=\/wp\/v2\/pages\/1725\/revisions\/2044"}],"up":[{"embeddable":true,"href":"https:\/\/www.jackguichard.fr\/index.php?rest_route=\/wp\/v2\/pages\/27"}],"wp:attachment":[{"href":"https:\/\/www.jackguichard.fr\/index.php?rest_route=%2Fwp%2Fv2%2Fmedia&parent=1725"}],"curies":[{"name":"wp","href":"https:\/\/api.w.org\/{rel}","templated":true}]}}