{"id":1750,"date":"2017-10-30T19:38:26","date_gmt":"2017-10-30T18:38:26","guid":{"rendered":"http:\/\/jackguichard.fr\/?page_id=1750"},"modified":"2018-09-11T10:52:28","modified_gmt":"2018-09-11T08:52:28","slug":"publications-traduites-en-chinois-et-autres-langues","status":"publish","type":"page","link":"https:\/\/www.jackguichard.fr\/?page_id=1750","title":{"rendered":"livres traduits en chinois, russe et autres langues"},"content":{"rendered":"<p>Tout sur l&rsquo;abeille : version chinoise<\/p>\n<p><img loading=\"lazy\" decoding=\"async\" class=\"alignleft size-medium wp-image-1755\" src=\"http:\/\/jackguichard.fr\/wp-content\/uploads\/2017\/10\/IMG_8889r-225x300.jpg\" alt=\"\" width=\"225\" height=\"300\" srcset=\"https:\/\/www.jackguichard.fr\/wp-content\/uploads\/2017\/10\/IMG_8889r-225x300.jpg 225w, https:\/\/www.jackguichard.fr\/wp-content\/uploads\/2017\/10\/IMG_8889r-768x1024.jpg 768w\" sizes=\"auto, (max-width: 225px) 100vw, 225px\" \/><\/p>\n<p>et version polonaise<\/p>\n<p><img loading=\"lazy\" decoding=\"async\" class=\"alignleft wp-image-1758 size-medium\" src=\"http:\/\/jackguichard.fr\/wp-content\/uploads\/2017\/10\/IMG_8890r-225x300.jpg\" alt=\"\" width=\"225\" height=\"300\" srcset=\"https:\/\/www.jackguichard.fr\/wp-content\/uploads\/2017\/10\/IMG_8890r-225x300.jpg 225w, https:\/\/www.jackguichard.fr\/wp-content\/uploads\/2017\/10\/IMG_8890r-768x1024.jpg 768w\" sizes=\"auto, (max-width: 225px) 100vw, 225px\" \/><\/p>\n<p>&nbsp;<\/p>\n<p>&nbsp;<\/p>\n<p>&nbsp;<\/p>\n<p>&nbsp;<\/p>\n<p>&nbsp;<\/p>\n<p>&nbsp;<\/p>\n<p>&nbsp;<\/p>\n<p>&nbsp;<\/p>\n<p>&nbsp;<\/p>\n<p>&nbsp;<\/p>\n<p>&nbsp;<\/p>\n<p>50 exp\u00e9riences pour \u00e9pater vos amis \u00e0 table\u00a0: 2 versions chinoises et une russe<\/p>\n<p><img loading=\"lazy\" decoding=\"async\" class=\"alignleft wp-image-1756 size-medium\" src=\"http:\/\/jackguichard.fr\/wp-content\/uploads\/2017\/10\/IMG_8894r-300x256.jpg\" alt=\"\" width=\"300\" height=\"256\" srcset=\"https:\/\/www.jackguichard.fr\/wp-content\/uploads\/2017\/10\/IMG_8894r-300x256.jpg 300w, https:\/\/www.jackguichard.fr\/wp-content\/uploads\/2017\/10\/IMG_8894r-768x655.jpg 768w, https:\/\/www.jackguichard.fr\/wp-content\/uploads\/2017\/10\/IMG_8894r-1024x873.jpg 1024w\" sizes=\"auto, (max-width: 300px) 100vw, 300px\" \/><\/p>\n<p><img loading=\"lazy\" decoding=\"async\" class=\"alignleft wp-image-1757 size-medium\" src=\"http:\/\/jackguichard.fr\/wp-content\/uploads\/2017\/10\/IMG_8893r-300x278.jpg\" alt=\"\" width=\"300\" height=\"278\" srcset=\"https:\/\/www.jackguichard.fr\/wp-content\/uploads\/2017\/10\/IMG_8893r-300x278.jpg 300w, https:\/\/www.jackguichard.fr\/wp-content\/uploads\/2017\/10\/IMG_8893r-768x711.jpg 768w, https:\/\/www.jackguichard.fr\/wp-content\/uploads\/2017\/10\/IMG_8893r-1024x947.jpg 1024w\" sizes=\"auto, (max-width: 300px) 100vw, 300px\" \/><\/p>\n<p>&nbsp;<\/p>\n<p>&nbsp;<\/p>\n<p>&nbsp;<\/p>\n<p>&nbsp;<\/p>\n<p>&nbsp;<\/p>\n<p>&nbsp;<\/p>\n<p>&nbsp;<\/p>\n<p><img loading=\"lazy\" decoding=\"async\" class=\"alignleft size-medium wp-image-1913\" src=\"http:\/\/jackguichard.fr\/wp-content\/uploads\/2018\/09\/expatable-russeBD-300x241.jpg\" alt=\"\" width=\"300\" height=\"241\" srcset=\"https:\/\/www.jackguichard.fr\/wp-content\/uploads\/2018\/09\/expatable-russeBD-300x241.jpg 300w, https:\/\/www.jackguichard.fr\/wp-content\/uploads\/2018\/09\/expatable-russeBD-768x616.jpg 768w, https:\/\/www.jackguichard.fr\/wp-content\/uploads\/2018\/09\/expatable-russeBD-1024x821.jpg 1024w, https:\/\/www.jackguichard.fr\/wp-content\/uploads\/2018\/09\/expatable-russeBD.jpg 1417w\" sizes=\"auto, (max-width: 300px) 100vw, 300px\" \/><\/p>\n<p>&nbsp;<\/p>\n<p>&nbsp;<\/p>\n<p>&nbsp;<\/p>\n<p>50 exp\u00e9riences pour \u00e9pater vos amis au jardin :\u00a0version chinoise<\/p>\n<p><img loading=\"lazy\" decoding=\"async\" class=\"alignleft wp-image-1753 size-medium\" src=\"http:\/\/jackguichard.fr\/wp-content\/uploads\/2017\/10\/IMG_8892r-300x269.jpg\" alt=\"\" width=\"300\" height=\"269\" srcset=\"https:\/\/www.jackguichard.fr\/wp-content\/uploads\/2017\/10\/IMG_8892r-300x269.jpg 300w, https:\/\/www.jackguichard.fr\/wp-content\/uploads\/2017\/10\/IMG_8892r-768x689.jpg 768w, https:\/\/www.jackguichard.fr\/wp-content\/uploads\/2017\/10\/IMG_8892r-1024x919.jpg 1024w\" sizes=\"auto, (max-width: 300px) 100vw, 300px\" \/><\/p>\n<p>&nbsp;<\/p>\n<p>&nbsp;<\/p>\n<p>&nbsp;<\/p>\n<p>&nbsp;<\/p>\n<p>&nbsp;<\/p>\n<p>&nbsp;<\/p>\n<p>&nbsp;<\/p>\n<p>&nbsp;<\/p>\n<p>&nbsp;<\/p>\n<p>soir\u00e9e magie version chinoise 2018<\/p>\n<p><img loading=\"lazy\" decoding=\"async\" class=\"alignleft wp-image-1908 size-medium\" src=\"http:\/\/jackguichard.fr\/wp-content\/uploads\/2018\/09\/soireemagiechinoisBD-264x300.jpg\" alt=\"\" width=\"264\" height=\"300\" srcset=\"https:\/\/www.jackguichard.fr\/wp-content\/uploads\/2018\/09\/soireemagiechinoisBD-264x300.jpg 264w, https:\/\/www.jackguichard.fr\/wp-content\/uploads\/2018\/09\/soireemagiechinoisBD-768x874.jpg 768w, https:\/\/www.jackguichard.fr\/wp-content\/uploads\/2018\/09\/soireemagiechinoisBD-900x1024.jpg 900w, https:\/\/www.jackguichard.fr\/wp-content\/uploads\/2018\/09\/soireemagiechinoisBD.jpg 1406w\" sizes=\"auto, (max-width: 264px) 100vw, 264px\" \/><\/p>\n<p>&nbsp;<\/p>\n<p>&nbsp;<\/p>\n<p>&nbsp;<\/p>\n<p>Logicomaniac : version allemande<\/p>\n<p>&nbsp;<\/p>\n<p><img loading=\"lazy\" decoding=\"async\" class=\"alignleft wp-image-1754 size-medium\" src=\"http:\/\/jackguichard.fr\/wp-content\/uploads\/2017\/10\/IMG_8891r-195x300.jpg\" alt=\"\" width=\"195\" height=\"300\" srcset=\"https:\/\/www.jackguichard.fr\/wp-content\/uploads\/2017\/10\/IMG_8891r-195x300.jpg 195w, https:\/\/www.jackguichard.fr\/wp-content\/uploads\/2017\/10\/IMG_8891r-768x1183.jpg 768w, https:\/\/www.jackguichard.fr\/wp-content\/uploads\/2017\/10\/IMG_8891r-665x1024.jpg 665w\" sizes=\"auto, (max-width: 195px) 100vw, 195px\" \/><\/p>\n<p>&nbsp;<\/p>\n<p>&nbsp;<\/p>\n<p>&nbsp;<\/p>\n<p>&nbsp;<\/p>\n<p>&nbsp;<\/p>\n<p>&nbsp;<\/p>\n<p>&nbsp;<\/p>\n<p>&nbsp;<\/p>\n<p>&nbsp;<\/p>\n<p>&nbsp;<\/p>\n<p>Anatomia traduit en russe et en ukrainien<\/p>\n<p><img loading=\"lazy\" decoding=\"async\" class=\"alignleft wp-image-1910 size-medium\" src=\"http:\/\/jackguichard.fr\/wp-content\/uploads\/2018\/09\/anatomia-russe-215x300.jpg\" alt=\"\" width=\"215\" height=\"300\" srcset=\"https:\/\/www.jackguichard.fr\/wp-content\/uploads\/2018\/09\/anatomia-russe-215x300.jpg 215w, https:\/\/www.jackguichard.fr\/wp-content\/uploads\/2018\/09\/anatomia-russe.jpg 348w\" sizes=\"auto, (max-width: 215px) 100vw, 215px\" \/><img loading=\"lazy\" decoding=\"async\" class=\"alignleft wp-image-1911 size-medium\" src=\"http:\/\/jackguichard.fr\/wp-content\/uploads\/2018\/09\/anatomia-218x300.jpg\" alt=\"\" width=\"218\" height=\"300\" srcset=\"https:\/\/www.jackguichard.fr\/wp-content\/uploads\/2018\/09\/anatomia-218x300.jpg 218w, https:\/\/www.jackguichard.fr\/wp-content\/uploads\/2018\/09\/anatomia-768x1056.jpg 768w, https:\/\/www.jackguichard.fr\/wp-content\/uploads\/2018\/09\/anatomia-745x1024.jpg 745w, https:\/\/www.jackguichard.fr\/wp-content\/uploads\/2018\/09\/anatomia.jpg 1700w\" sizes=\"auto, (max-width: 218px) 100vw, 218px\" \/><\/p>\n","protected":false},"excerpt":{"rendered":"<p>Tout sur l&rsquo;abeille : version chinoise et version polonaise &nbsp; &nbsp; &nbsp; &nbsp; &nbsp; &nbsp; &nbsp; &nbsp; &nbsp; &nbsp; &nbsp; 50 exp\u00e9riences pour \u00e9pater vos amis \u00e0 table\u00a0: 2 versions chinoises et une russe &nbsp; &nbsp; &nbsp; &nbsp; &nbsp; &nbsp; &nbsp; &nbsp; &nbsp; &nbsp; 50 exp\u00e9riences pour \u00e9pater vos amis au jardin :\u00a0version chinoise &nbsp; &hellip;<br \/><a href=\"https:\/\/www.jackguichard.fr\/?page_id=1750\">Read more <span class=\"meta-nav\">&rarr;<\/span><\/a><\/p>\n","protected":false},"author":8,"featured_media":0,"parent":33,"menu_order":5,"comment_status":"closed","ping_status":"closed","template":"template-full.php","meta":{"footnotes":""},"class_list":["post-1750","page","type-page","status-publish","hentry"],"jetpack_sharing_enabled":true,"_links":{"self":[{"href":"https:\/\/www.jackguichard.fr\/index.php?rest_route=\/wp\/v2\/pages\/1750","targetHints":{"allow":["GET"]}}],"collection":[{"href":"https:\/\/www.jackguichard.fr\/index.php?rest_route=\/wp\/v2\/pages"}],"about":[{"href":"https:\/\/www.jackguichard.fr\/index.php?rest_route=\/wp\/v2\/types\/page"}],"author":[{"embeddable":true,"href":"https:\/\/www.jackguichard.fr\/index.php?rest_route=\/wp\/v2\/users\/8"}],"replies":[{"embeddable":true,"href":"https:\/\/www.jackguichard.fr\/index.php?rest_route=%2Fwp%2Fv2%2Fcomments&post=1750"}],"version-history":[{"count":12,"href":"https:\/\/www.jackguichard.fr\/index.php?rest_route=\/wp\/v2\/pages\/1750\/revisions"}],"predecessor-version":[{"id":1916,"href":"https:\/\/www.jackguichard.fr\/index.php?rest_route=\/wp\/v2\/pages\/1750\/revisions\/1916"}],"up":[{"embeddable":true,"href":"https:\/\/www.jackguichard.fr\/index.php?rest_route=\/wp\/v2\/pages\/33"}],"wp:attachment":[{"href":"https:\/\/www.jackguichard.fr\/index.php?rest_route=%2Fwp%2Fv2%2Fmedia&parent=1750"}],"curies":[{"name":"wp","href":"https:\/\/api.w.org\/{rel}","templated":true}]}}