{"id":1903,"date":"2018-09-11T10:09:21","date_gmt":"2018-09-11T08:09:21","guid":{"rendered":"http:\/\/jackguichard.fr\/?page_id=1903"},"modified":"2022-10-03T21:46:56","modified_gmt":"2022-10-03T19:46:56","slug":"videos-les-sentiers-du-littoral","status":"publish","type":"page","link":"https:\/\/www.jackguichard.fr\/?page_id=1903","title":{"rendered":"vid\u00e9os \u00ab\u00a0les sentiers du littoral\u00a0\u00bb"},"content":{"rendered":"<header class=\"post-header\">\n<div class=\"post-meta clear-fix\"><span class=\"post-date\">26 juin 29 juin : nouvel \u00e9pisode des \u00ab\u00a0sentiers du littoral\u00a0\u00bb : <a href=\"https:\/\/youtu.be\/Veyo_Mznuak\">L&rsquo;\u00e9glise de Jard\/mer<\/a><\/span><\/div>\n<div class=\"post-meta clear-fix\">\u00a0<\/div>\n<\/header>\n<div class=\"post-content\">\n<div class=\"gmail_default\"><a href=\"https:\/\/youtu.be\/7JEtXm7v4H4\"><img loading=\"lazy\" decoding=\"async\" class=\"aligncenter size-large wp-image-2713\" src=\"http:\/\/www.sentinelledelestuaire.fr\/wp-content\/uploads\/2022\/02\/pecheries-1024x576.jpg\" sizes=\"auto, (max-width: 960px) 100vw, 960px\" srcset=\"http:\/\/www.sentinelledelestuaire.fr\/wp-content\/uploads\/2022\/02\/pecheries-1024x576.jpg 1024w, http:\/\/www.sentinelledelestuaire.fr\/wp-content\/uploads\/2022\/02\/pecheries-300x169.jpg 300w, http:\/\/www.sentinelledelestuaire.fr\/wp-content\/uploads\/2022\/02\/pecheries-768x432.jpg 768w, http:\/\/www.sentinelledelestuaire.fr\/wp-content\/uploads\/2022\/02\/pecheries-1536x863.jpg 1536w, http:\/\/www.sentinelledelestuaire.fr\/wp-content\/uploads\/2022\/02\/pecheries-1140x641.jpg 1140w, http:\/\/www.sentinelledelestuaire.fr\/wp-content\/uploads\/2022\/02\/pecheries.jpg 1907w\" alt=\"\" width=\"960\" height=\"540\" \/><\/a>une nouvelle vid\u00e9o r\u00e9alis\u00e9e par Johny Lenormand et Jack Guichard sur <a href=\"https:\/\/youtu.be\/7JEtXm7v4H4\">les p\u00eacheries et les conches de l\u2019anse de la R\u00e9publique \u00e0 Talmont.<\/a>\u00a0<\/div>\n<\/div>\n<p>vid\u00e9o de la s\u00e9rie \u00ab\u00a0les sentiers du littoral\u00a0\u00bb : <a href=\"https:\/\/vimeo.com\/651032052\">les marais salants de la Guitti\u00e8re<\/a><\/p>\n<div class=\"\" dir=\"auto\">\n<div id=\"jsc_c_5h\" class=\"ecm0bbzt hv4rvrfc ihqw7lf3 dati1w0a\" data-ad-comet-preview=\"message\" data-ad-preview=\"message\">\n<div class=\"j83agx80 cbu4d94t ew0dbk1b irj2b8pg\">\n<div class=\"qzhwtbm6 knvmm38d\">\n<div class=\"kvgmc6g5 cxmmr5t8 oygrvhab hcukyx3x c1et5uql ii04i59q\">\n<div dir=\"auto\">Les marais salants de la Guitti\u00e8re et ses sauniers \u00e0 d\u00e9couvrir dans une nouvelle vid\u00e9o des Sentinelles de l&rsquo;Estuaire, commentaires de <a class=\"oajrlxb2 g5ia77u1 qu0x051f esr5mh6w e9989ue4 r7d6kgcz rq0escxv nhd2j8a9 nc684nl6 p7hjln8o kvgmc6g5 cxmmr5t8 oygrvhab hcukyx3x jb3vyjys rz4wbd8a qt6c0cv9 a8nywdso i1ao9s8h esuyzwwr f1sip0of lzcic4wl q66pz984 gpro0wi8 b1v8xokw\" tabindex=\"0\" role=\"link\" href=\"https:\/\/www.facebook.com\/profile.php?id=1636452862&amp;__cft__[0]=AZUzxcyOSXmQyXC9lMpfTNGKYMG4rHKcllUSpdqysJvdEJv3xmi0WW6xZGz_VxOGixoyJF58e1_GCh3sDURt6ZF-i0Vu2RaDLqA9KuZ5VS2GSw&amp;__tn__=-]K-R\"><span class=\"nc684nl6\">Jack Guichard<\/span><\/a> sur des images de <a class=\"oajrlxb2 g5ia77u1 qu0x051f esr5mh6w e9989ue4 r7d6kgcz rq0escxv nhd2j8a9 nc684nl6 p7hjln8o kvgmc6g5 cxmmr5t8 oygrvhab hcukyx3x jb3vyjys rz4wbd8a qt6c0cv9 a8nywdso i1ao9s8h esuyzwwr f1sip0of lzcic4wl q66pz984 gpro0wi8 b1v8xokw\" tabindex=\"0\" role=\"link\" href=\"https:\/\/www.facebook.com\/thierry.perchat?__cft__[0]=AZUzxcyOSXmQyXC9lMpfTNGKYMG4rHKcllUSpdqysJvdEJv3xmi0WW6xZGz_VxOGixoyJF58e1_GCh3sDURt6ZF-i0Vu2RaDLqA9KuZ5VS2GSw&amp;__tn__=-]K-R\"><span class=\"nc684nl6\">Thierry Perchat<\/span><\/a> , <a class=\"oajrlxb2 g5ia77u1 qu0x051f esr5mh6w e9989ue4 r7d6kgcz rq0escxv nhd2j8a9 nc684nl6 p7hjln8o kvgmc6g5 cxmmr5t8 oygrvhab hcukyx3x jb3vyjys rz4wbd8a qt6c0cv9 a8nywdso i1ao9s8h esuyzwwr f1sip0of lzcic4wl q66pz984 gpro0wi8 b1v8xokw\" tabindex=\"0\" role=\"link\" href=\"https:\/\/www.facebook.com\/jeanpierre.boeye.9?__cft__[0]=AZUzxcyOSXmQyXC9lMpfTNGKYMG4rHKcllUSpdqysJvdEJv3xmi0WW6xZGz_VxOGixoyJF58e1_GCh3sDURt6ZF-i0Vu2RaDLqA9KuZ5VS2GSw&amp;__tn__=-]K-R\"><span class=\"nc684nl6\">Jean Pierre Boeye<\/span><\/a> et r\u00e9alis\u00e9e par <a href=\"https:\/\/vimeo.com\/651032052\">Johny Lenormand<\/a><\/div>\n<div dir=\"auto\">\u00a0<\/div>\n<\/div>\n<\/div>\n<\/div>\n<\/div>\n<\/div>\n<div id=\"jsc_c_5i\" class=\"l9j0dhe7\">\n<div class=\"l9j0dhe7\">\n<div class=\"b3i9ofy5 l9j0dhe7\">\n<div class=\"j83agx80 soycq5t1 ni8dbmo4 stjgntxs l9j0dhe7\">\n<div class=\"bp9cbjyn cwj9ozl2 j83agx80 cbu4d94t ni8dbmo4 stjgntxs l9j0dhe7 k4urcfbm\">\n<div class=\"do00u71z ni8dbmo4 stjgntxs l9j0dhe7\">\n<div class=\"pmk7jnqg kr520xx4\"><a href=\"https:\/\/vimeo.com\/651032052\"><img loading=\"lazy\" decoding=\"async\" class=\"aligncenter wp-image-2388 size-full\" src=\"http:\/\/jackguichard.fr\/wp-content\/uploads\/2021\/12\/vimeomarissalant.jpg\" alt=\"\" width=\"960\" height=\"486\" srcset=\"https:\/\/www.jackguichard.fr\/wp-content\/uploads\/2021\/12\/vimeomarissalant.jpg 960w, https:\/\/www.jackguichard.fr\/wp-content\/uploads\/2021\/12\/vimeomarissalant-300x152.jpg 300w, https:\/\/www.jackguichard.fr\/wp-content\/uploads\/2021\/12\/vimeomarissalant-768x389.jpg 768w\" sizes=\"auto, (max-width: 960px) 100vw, 960px\" \/><\/a><\/div>\n<div>\n<p><a href=\"https:\/\/vimeo.com\/651032052\">Les marais salants de La Guitti\u00e8re<\/a><\/p>\n<p><a href=\"https:\/\/vimeo.com\/353317827\">t <\/a><a href=\"https:\/\/vimeo.com\/channels\/sentiers\/557062906\">Le bourg de Saint-Hilaire<\/a><\/p>\n<p><a href=\"https:\/\/vimeo.com\/578534541\">L&rsquo;abbaye royale du Lieu-Dieu \u00e0 Jard sur Mer<\/a><\/p>\n<\/div>\n<\/div>\n<\/div>\n<\/div>\n<\/div>\n<\/div>\n<\/div>\n<p><strong><a href=\"https:\/\/vimeo.com\/user83746441\">toute la collection de vid\u00e9o \u00ab\u00a0les sentiers du littoral\u00a0\u00bb sur le chaine Vim\u00e9o<\/a><\/strong><\/p>\n<p>Une s\u00e9rie de vid\u00e9o pr\u00e9sentant le patrimoine historique et naturel du littoral vend\u00e9en<\/p>\n<p><a href=\"https:\/\/vimeo.com\/552317283\">la dune du veillon<\/a><\/p>\n<p>1\u00e8re visite du bois du Veillon \u00e0 Talmont Saint Hilaire (Vend\u00e9e)<\/p>\n<p><iframe loading=\"lazy\" src=\"https:\/\/player.vimeo.com\/video\/274695025\" width=\"640\" height=\"360\" frameborder=\"0\" allowfullscreen=\"allowfullscreen\" data-mce-fragment=\"1\"><\/iframe><\/p>\n<p><strong><a href=\"https:\/\/vimeo.com\/307306789\">Bois du Veillon (2\u00e8me partie)<\/a> :<\/strong><\/p>\n<p>Quelques secrets de cette enclave m\u00e9diterran\u00e9enne sur la c\u00f4te atlantique<\/p>\n<p><iframe loading=\"lazy\" src=\"https:\/\/player.vimeo.com\/video\/307306789\" width=\"640\" height=\"360\" frameborder=\"0\" allowfullscreen=\"allowfullscreen\" data-mce-fragment=\"1\"><\/iframe><\/p>\n<p><img loading=\"lazy\" decoding=\"async\" class=\"alignleft wp-image-1904 size-full\" src=\"http:\/\/jackguichard.fr\/wp-content\/uploads\/2018\/09\/seniterlittoralBA.jpg\" alt=\"\" width=\"958\" height=\"476\" srcset=\"https:\/\/www.jackguichard.fr\/wp-content\/uploads\/2018\/09\/seniterlittoralBA.jpg 958w, https:\/\/www.jackguichard.fr\/wp-content\/uploads\/2018\/09\/seniterlittoralBA-300x149.jpg 300w, https:\/\/www.jackguichard.fr\/wp-content\/uploads\/2018\/09\/seniterlittoralBA-768x382.jpg 768w\" sizes=\"auto, (max-width: 958px) 100vw, 958px\" \/><\/p>\n\n\n<p>la dune du Veillon<\/p>\n\n\n\n<figure class=\"wp-block-embed-vimeo wp-block-embed is-type-video is-provider-vimeo wp-embed-aspect-16-9 wp-has-aspect-ratio\"><div class=\"wp-block-embed__wrapper\">\n<iframe loading=\"lazy\" title=\"La dune du Veillon\" src=\"https:\/\/player.vimeo.com\/video\/552317283?dnt=1&amp;app_id=122963\" width=\"590\" height=\"332\" frameborder=\"0\" allow=\"autoplay; fullscreen; picture-in-picture; clipboard-write\"><\/iframe>\n<\/div><\/figure>\n\n\n\n<p><a href=\"https:\/\/vimeo.com\/user83746441\"><strong>Sentiers du littoral : chaine vid\u00e9o de pr\u00e9sentation du patrimoine historique et naturel de la r\u00e9gion du Talmondais<\/strong><\/a><\/p>\n\n\n\n<p>29 juin : nouvel \u00e9pisode des \u00ab&nbsp;sentiers du littoral&nbsp;\u00bb :&nbsp;<a href=\"https:\/\/youtu.be\/Veyo_Mznuak\">L\u2019\u00e9glise de Jard\/mer<\/a><\/p>\n\n\n\n<p>:<a href=\"https:\/\/vimeo.com\/267206946\">Quand les dinosaures hantaient la plage du veillon 1 et 2<\/a><a href=\"https:\/\/vimeo.com\/channels\/sentiers\">\u2013 Le bois du veillon<\/a>\u00e9crit par Jack Guichard, vid\u00e9os drone et montage de Jean-Pierre Boeye, prises de son par Alain Dory, vid\u00e9os terrestres animations de Johny Lenormand<\/p>\n","protected":false},"excerpt":{"rendered":"<p>26 juin 29 juin : nouvel \u00e9pisode des \u00ab\u00a0sentiers du littoral\u00a0\u00bb : L&rsquo;\u00e9glise de Jard\/mer \u00a0 une nouvelle vid\u00e9o r\u00e9alis\u00e9e par Johny Lenormand et Jack Guichard sur les p\u00eacheries et les conches de l\u2019anse de la R\u00e9publique \u00e0 Talmont.\u00a0 vid\u00e9o de la s\u00e9rie \u00ab\u00a0les sentiers du littoral\u00a0\u00bb : les marais salants de la Guitti\u00e8re Les &hellip;<br \/><a href=\"https:\/\/www.jackguichard.fr\/?page_id=1903\">Read more <span class=\"meta-nav\">&rarr;<\/span><\/a><\/p>\n","protected":false},"author":8,"featured_media":0,"parent":609,"menu_order":0,"comment_status":"closed","ping_status":"closed","template":"","meta":{"footnotes":""},"class_list":["post-1903","page","type-page","status-publish","hentry"],"jetpack_sharing_enabled":true,"_links":{"self":[{"href":"https:\/\/www.jackguichard.fr\/index.php?rest_route=\/wp\/v2\/pages\/1903","targetHints":{"allow":["GET"]}}],"collection":[{"href":"https:\/\/www.jackguichard.fr\/index.php?rest_route=\/wp\/v2\/pages"}],"about":[{"href":"https:\/\/www.jackguichard.fr\/index.php?rest_route=\/wp\/v2\/types\/page"}],"author":[{"embeddable":true,"href":"https:\/\/www.jackguichard.fr\/index.php?rest_route=\/wp\/v2\/users\/8"}],"replies":[{"embeddable":true,"href":"https:\/\/www.jackguichard.fr\/index.php?rest_route=%2Fwp%2Fv2%2Fcomments&post=1903"}],"version-history":[{"count":18,"href":"https:\/\/www.jackguichard.fr\/index.php?rest_route=\/wp\/v2\/pages\/1903\/revisions"}],"predecessor-version":[{"id":2584,"href":"https:\/\/www.jackguichard.fr\/index.php?rest_route=\/wp\/v2\/pages\/1903\/revisions\/2584"}],"up":[{"embeddable":true,"href":"https:\/\/www.jackguichard.fr\/index.php?rest_route=\/wp\/v2\/pages\/609"}],"wp:attachment":[{"href":"https:\/\/www.jackguichard.fr\/index.php?rest_route=%2Fwp%2Fv2%2Fmedia&parent=1903"}],"curies":[{"name":"wp","href":"https:\/\/api.w.org\/{rel}","templated":true}]}}

vidéos « les sentiers du littoral »

<header class="post-header">
<div class="post-meta clear-fix"><span class="post-date">26 juin 29 juin : nouvel épisode des « sentiers du littoral » : <a href="https://youtu.be/Veyo_Mznuak">L&rsquo;église de Jard/mer</a></span></div>
<div class="post-meta clear-fix"> </div>
</header>
<div class="post-content">
<div class="gmail_default"><a href="https://youtu.be/7JEtXm7v4H4"><img loading="lazy" decoding="async" class="aligncenter size-large wp-image-2713" src="http://www.sentinelledelestuaire.fr/wp-content/uploads/2022/02/pecheries-1024x576.jpg" sizes="auto, (max-width: 960px) 100vw, 960px" srcset="http://www.sentinelledelestuaire.fr/wp-content/uploads/2022/02/pecheries-1024x576.jpg 1024w, http://www.sentinelledelestuaire.fr/wp-content/uploads/2022/02/pecheries-300x169.jpg 300w, http://www.sentinelledelestuaire.fr/wp-content/uploads/2022/02/pecheries-768x432.jpg 768w, http://www.sentinelledelestuaire.fr/wp-content/uploads/2022/02/pecheries-1536x863.jpg 1536w, http://www.sentinelledelestuaire.fr/wp-content/uploads/2022/02/pecheries-1140x641.jpg 1140w, http://www.sentinelledelestuaire.fr/wp-content/uploads/2022/02/pecheries.jpg 1907w" alt="" width="960" height="540" /></a>une nouvelle vidéo réalisée par Johny Lenormand et Jack Guichard sur <a href="https://youtu.be/7JEtXm7v4H4">les pêcheries et les conches de l’anse de la République à Talmont.</a> </div>
</div>
<p>vidéo de la série « les sentiers du littoral » : <a href="https://vimeo.com/651032052">les marais salants de la Guittière</a></p>
<div class="" dir="auto">
<div id="jsc_c_5h" class="ecm0bbzt hv4rvrfc ihqw7lf3 dati1w0a" data-ad-comet-preview="message" data-ad-preview="message">
<div class="j83agx80 cbu4d94t ew0dbk1b irj2b8pg">
<div class="qzhwtbm6 knvmm38d">
<div class="kvgmc6g5 cxmmr5t8 oygrvhab hcukyx3x c1et5uql ii04i59q">
<div dir="auto">Les marais salants de la Guittière et ses sauniers à découvrir dans une nouvelle vidéo des Sentinelles de l&rsquo;Estuaire, commentaires de <a class="oajrlxb2 g5ia77u1 qu0x051f esr5mh6w e9989ue4 r7d6kgcz rq0escxv nhd2j8a9 nc684nl6 p7hjln8o kvgmc6g5 cxmmr5t8 oygrvhab hcukyx3x jb3vyjys rz4wbd8a qt6c0cv9 a8nywdso i1ao9s8h esuyzwwr f1sip0of lzcic4wl q66pz984 gpro0wi8 b1v8xokw" tabindex="0" role="link" href="https://www.facebook.com/profile.php?id=1636452862&amp;__cft__[0]=AZUzxcyOSXmQyXC9lMpfTNGKYMG4rHKcllUSpdqysJvdEJv3xmi0WW6xZGz_VxOGixoyJF58e1_GCh3sDURt6ZF-i0Vu2RaDLqA9KuZ5VS2GSw&amp;__tn__=-]K-R"><span class="nc684nl6">Jack Guichard</span></a> sur des images de <a class="oajrlxb2 g5ia77u1 qu0x051f esr5mh6w e9989ue4 r7d6kgcz rq0escxv nhd2j8a9 nc684nl6 p7hjln8o kvgmc6g5 cxmmr5t8 oygrvhab hcukyx3x jb3vyjys rz4wbd8a qt6c0cv9 a8nywdso i1ao9s8h esuyzwwr f1sip0of lzcic4wl q66pz984 gpro0wi8 b1v8xokw" tabindex="0" role="link" href="https://www.facebook.com/thierry.perchat?__cft__[0]=AZUzxcyOSXmQyXC9lMpfTNGKYMG4rHKcllUSpdqysJvdEJv3xmi0WW6xZGz_VxOGixoyJF58e1_GCh3sDURt6ZF-i0Vu2RaDLqA9KuZ5VS2GSw&amp;__tn__=-]K-R"><span class="nc684nl6">Thierry Perchat</span></a> , <a class="oajrlxb2 g5ia77u1 qu0x051f esr5mh6w e9989ue4 r7d6kgcz rq0escxv nhd2j8a9 nc684nl6 p7hjln8o kvgmc6g5 cxmmr5t8 oygrvhab hcukyx3x jb3vyjys rz4wbd8a qt6c0cv9 a8nywdso i1ao9s8h esuyzwwr f1sip0of lzcic4wl q66pz984 gpro0wi8 b1v8xokw" tabindex="0" role="link" href="https://www.facebook.com/jeanpierre.boeye.9?__cft__[0]=AZUzxcyOSXmQyXC9lMpfTNGKYMG4rHKcllUSpdqysJvdEJv3xmi0WW6xZGz_VxOGixoyJF58e1_GCh3sDURt6ZF-i0Vu2RaDLqA9KuZ5VS2GSw&amp;__tn__=-]K-R"><span class="nc684nl6">Jean Pierre Boeye</span></a> et réalisée par <a href="https://vimeo.com/651032052">Johny Lenormand</a></div>
<div dir="auto"> </div>
</div>
</div>
</div>
</div>
</div>
<div id="jsc_c_5i" class="l9j0dhe7">
<div class="l9j0dhe7">
<div class="b3i9ofy5 l9j0dhe7">
<div class="j83agx80 soycq5t1 ni8dbmo4 stjgntxs l9j0dhe7">
<div class="bp9cbjyn cwj9ozl2 j83agx80 cbu4d94t ni8dbmo4 stjgntxs l9j0dhe7 k4urcfbm">
<div class="do00u71z ni8dbmo4 stjgntxs l9j0dhe7">
<div class="pmk7jnqg kr520xx4"><a href="https://vimeo.com/651032052"><img loading="lazy" decoding="async" class="aligncenter wp-image-2388 size-full" src="http://jackguichard.fr/wp-content/uploads/2021/12/vimeomarissalant.jpg" alt="" width="960" height="486" srcset="https://www.jackguichard.fr/wp-content/uploads/2021/12/vimeomarissalant.jpg 960w, https://www.jackguichard.fr/wp-content/uploads/2021/12/vimeomarissalant-300x152.jpg 300w, https://www.jackguichard.fr/wp-content/uploads/2021/12/vimeomarissalant-768x389.jpg 768w" sizes="auto, (max-width: 960px) 100vw, 960px" /></a></div>
<div>
<p><a href="https://vimeo.com/651032052">Les marais salants de La Guittière</a></p>
<p><a href="https://vimeo.com/353317827">t </a><a href="https://vimeo.com/channels/sentiers/557062906">Le bourg de Saint-Hilaire</a></p>
<p><a href="https://vimeo.com/578534541">L&rsquo;abbaye royale du Lieu-Dieu à Jard sur Mer</a></p>
</div>
</div>
</div>
</div>
</div>
</div>
</div>
<p><strong><a href="https://vimeo.com/user83746441">toute la collection de vidéo « les sentiers du littoral » sur le chaine Viméo</a></strong></p>
<p>Une série de vidéo présentant le patrimoine historique et naturel du littoral vendéen</p>
<p><a href="https://vimeo.com/552317283">la dune du veillon</a></p>
<p>1ère visite du bois du Veillon à Talmont Saint Hilaire (Vendée)</p>
<p><iframe loading="lazy" src="https://player.vimeo.com/video/274695025" width="640" height="360" frameborder="0" allowfullscreen="allowfullscreen" data-mce-fragment="1"></iframe></p>
<p><strong><a href="https://vimeo.com/307306789">Bois du Veillon (2ème partie)</a> :</strong></p>
<p>Quelques secrets de cette enclave méditerranéenne sur la côte atlantique</p>
<p><iframe loading="lazy" src="https://player.vimeo.com/video/307306789" width="640" height="360" frameborder="0" allowfullscreen="allowfullscreen" data-mce-fragment="1"></iframe></p>
<p><img loading="lazy" decoding="async" class="alignleft wp-image-1904 size-full" src="http://jackguichard.fr/wp-content/uploads/2018/09/seniterlittoralBA.jpg" alt="" width="958" height="476" srcset="https://www.jackguichard.fr/wp-content/uploads/2018/09/seniterlittoralBA.jpg 958w, https://www.jackguichard.fr/wp-content/uploads/2018/09/seniterlittoralBA-300x149.jpg 300w, https://www.jackguichard.fr/wp-content/uploads/2018/09/seniterlittoralBA-768x382.jpg 768w" sizes="auto, (max-width: 958px) 100vw, 958px" /></p>


<p>la dune du Veillon</p>



<figure class="wp-block-embed-vimeo wp-block-embed is-type-video is-provider-vimeo wp-embed-aspect-16-9 wp-has-aspect-ratio"><div class="wp-block-embed__wrapper">
<iframe loading="lazy" title="La dune du Veillon" src="https://player.vimeo.com/video/552317283?dnt=1&amp;app_id=122963" width="590" height="332" frameborder="0" allow="autoplay; fullscreen; picture-in-picture; clipboard-write"></iframe>
</div></figure>



<p><a href="https://vimeo.com/user83746441"><strong>Sentiers du littoral : chaine vidéo de présentation du patrimoine historique et naturel de la région du Talmondais</strong></a></p>



<p>29 juin : nouvel épisode des «&nbsp;sentiers du littoral&nbsp;» :&nbsp;<a href="https://youtu.be/Veyo_Mznuak">L’église de Jard/mer</a></p>



<p>:<a href="https://vimeo.com/267206946">Quand les dinosaures hantaient la plage du veillon 1 et 2</a><a href="https://vimeo.com/channels/sentiers">– Le bois du veillon</a>écrit par Jack Guichard, vidéos drone et montage de Jean-Pierre Boeye, prises de son par Alain Dory, vidéos terrestres animations de Johny Lenormand</p>

<p>26 juin 29 juin : nouvel épisode des « sentiers du littoral » : L&rsquo;église de Jard/mer   une nouvelle vidéo réalisée par Johny Lenormand et Jack Guichard sur les pêcheries et les conches de l’anse de la République à Talmont.  vidéo de la série « les sentiers du littoral » : les marais salants de la Guittière Les &hellip;<br /><a href="https://www.jackguichard.fr/?page_id=1903">Read more <span class="meta-nav">&rarr;</span></a></p>
