{"id":2181,"date":"2020-11-06T19:20:53","date_gmt":"2020-11-06T18:20:53","guid":{"rendered":"http:\/\/jackguichard.fr\/?page_id=2181"},"modified":"2022-06-24T09:21:46","modified_gmt":"2022-06-24T07:21:46","slug":"memoires-talmondaise-sur-tv3provinces","status":"publish","type":"page","link":"https:\/\/www.jackguichard.fr\/?page_id=2181","title":{"rendered":"Memoires Talmondaise sur TV 3 Provinces"},"content":{"rendered":"\n<p><em>Une s\u00e9rie d&rsquo;\u00e9missions produites par Philippe Gouraud chaque vendredi sur <a href=\"http:\/\/www.tv3p.fr\">TV 3 Provinces<\/a> avec Jack Guichard et ses invit\u00e9s :<\/em><\/p>\n\n\n\n<p>vendredi 24 juin sur TV 3 Provinces : \u00ab\u00a0M\u00e9moires Talmondaises\u00a0\u00bb . <a href=\"http:\/\/www.tv-3p.fr\/voir_video.php?id=3983\">Clemenceau dans le Talmondais, \u00e0 Saint-Vincent sur Jard <\/a><br><\/p>\n\n\n\n<p>Vendredi 13 mai 2022 &#8211; \\&rsquo;M\u00e9moires Talmondaises\\&rsquo; : <a href=\"http:\/\/www.tv3p.fr\/voir_video.php?id=3949\">Dernier volet de notre s\u00e9rie consacr\u00e9e au Mur de l&rsquo;Atlantique et aux blockhaus de la seconde guerre mondiale<\/a> avec Thomas Graffard docteur en histoire contemporaine et Bernard Deslandes, sp\u00e9cialiste du patrimoine talmondais<br><\/p>\n\n\n\n<p>Vendredi 29 avril 2022 : Nouvelle intervention au sein de l&rsquo;\u00e9mission \u00a0\u00bb M\u00e9moires Talmondaises\u00a0\u00bb anim\u00e9e par&nbsp;<a href=\"https:\/\/www.linkedin.com\/in\/ACoAAA4lHDMBdT2tgxGOKv0qY4GQvP6BuGv3h8s\">Jack Guichard<\/a>&nbsp;\u00e0 propos de la station radar Amo\u00ebbe command\u00e9e par la Luftwaffe sur les communes du Bernard et de la Jonch\u00e8re. <a href=\"http:\/\/www.tv-3p.fr\/voir_video.php?id=3937\">Les radars allemands \u00e0 Angles et au Bernard.<\/a><\/p>\n\n\n\n<p>Vendredi 8 avril 2022 &#8211; \\&rsquo;M\u00e9moires Talmondaises\\&rsquo; : <a href=\"http:\/\/www.tv3p.fr\/voir_video.php?id=3931\">Les Blockhaus du Mur de l&rsquo;Atlantique<\/a> avec Thomas Graffard, docteur en Histoire contemporaine<\/p>\n\n\n\n<p>Vendredi 1er avril 2022 &#8211; \u00ab\u00a0M\u00e9moires Talmondaises\u00a0\u00bb : Avec Jack Guichard et Thomas Graffard (docteur en Histoire contemporaine),  <a href=\"http:\/\/www.tv-3p.fr\/voir_video.php?id=3925\ufeff\">Le mur de l&rsquo;Atlantique en Vend\u00e9e durant la seconde guerre mondiale<\/a>.<\/p>\n\n\n\n<p>Vendredi 25 f\u00e9vrier 2022 &#8211; \\&rsquo;M\u00e9moires Talmondaises\\&rsquo; avec Jack Guichard. <a href=\"http:\/\/www.tv3p.fr\/voir_video.php?id=3895\">Ch\u00e2teaux et demeures remarquables du Talmondais \u00e0 Champ-Saint-P\u00e8re, Saint-Vincent sur Graon et Moutiers les Mauxfaits<\/a> .<\/p>\n\n\n\n<p>Vendredi 4 f\u00e9vrier 2022 &#8211; \\&rsquo;M\u00e9moires Talmondaises\\&rsquo; avec Jack Guichard : <a href=\"http:\/\/www.tv3p.fr\/voir_video.php?id=3889\">Les ch\u00e2teaux de La Bruni\u00e8re au Givre et de La Court d&rsquo;Aron \u00e0 St-Cyr en Talmondais<\/a><\/p>\n\n\n\n<p>Vendredi 28 janvier 2022 &#8211; \\&rsquo;M\u00e9moires Talmondaises\\&rsquo; avec Jack Guichard : <a href=\"http:\/\/www.tv3p.fr\/voir_video.php?id=3883\">Le ch\u00e2teau de la Guignardi\u00e8re \u00e0 Avrill\u00e9<\/a>&nbsp;<\/p>\n\n\n\n<p>vendredi 7 janvier : \u00ab\u00a0M\u00e9moires Talmondaises\u00a0\u00bb avec Jack Guichard . <a href=\"http:\/\/www.tv-3p.fr\/voir_video.php?id=3865\">Le ch\u00e2teau du Veillon<\/a> <\/p>\n\n\n\n<p>Vendredi 3 d\u00e9cembre 2021 &#8211; &lsquo;M\u00e9moires Talmondaises&rsquo; avec Jack Guichard . <a href=\"http:\/\/www.tv3p.fr\/voir_video.php?id=3844\">Les guerres de religion en Pays Talmondais .<\/a><\/p>\n\n\n\n<p>Vendredi 10 d\u00e9cembre 2021 &#8211; \\&rsquo;M\u00e9moires Talmondaises\\&rsquo; avec Jack Guichard . <a href=\"http:\/\/www.tv3p.fr\/voir_video.php?id=3851\">Les guerres de religion en Pays Talmondais (part. 2) et les fouilles de l&rsquo;INRAP en centre-ville de Talmont<\/a><\/p>\n\n\n\n<p>Vendredi 26 novembre sur TV 3 Provinces : \u00ab\u00a0M\u00e9moires Talmondaises\u00a0\u00bb avec Jack Guichard . <a href=\"http:\/\/www.tv-3p.fr\/voir_video.php?id=3839\">\u00c9vocation de la guerre de cent ans en Pays Talmondais<\/a><\/p>\n\n\n\n<p>Vendredi 19 novembre sur TV 3 Provinces : \u00ab\u00a0M\u00e9moires Talmondaises\u00a0\u00bb avec Jack Guichard . <a href=\"http:\/\/www.tv-3p.fr\/voir_video.php?id=3832\ufeff\">Saint-Hilaire de Talmont \u00e0 travers les \u00e2ges<\/a> . <\/p>\n\n\n\n<p>Vendredi 8 octobre sur TV 3 Provinces : \u00ab\u00a0M\u00e9moires Talmondaises\u00a0\u00bb avec Jack Guichard . <a href=\"http:\/\/www.tv3p.fr\/voir_video.php?id=3810\">Le tr\u00e9sor du Veillon<\/a><\/p>\n\n\n\n<p>Vendredi 1er octobre 2021 &#8211; \\&rsquo;M\u00e9moires Talmondaises\\&rsquo; avec Jack Guichard : <a href=\"http:\/\/www.tv3p.fr\/voir_video.php?id=3803\">L&rsquo;abbaye du Lieu-Dieu \u00e0 Jard-sur Mer<\/a> .<\/p>\n\n\n\n<p>Vendredi 24 septembre 2021 &#8211; \\&rsquo; M\u00e9moires Talmondaises\\&rsquo; avec Jack Guichard :<a href=\"http:\/\/www.tv3p.fr\/voir_video.php?id=3797\"> Les menhirs du Talmondais<\/a>.<\/p>\n\n\n\n<p> 17 septembre sur TV 3 Provinces : \u00ab\u00a0M\u00e9moires Talmondaises\u00a0\u00bb avec Jack Guichard . <a href=\"http:\/\/www.tv-3p.fr\/voir_video.php?id=3791\">Les dolmens du pays Talmondais<\/a> . <\/p>\n\n\n\n<p>Vendredi 10 septembre 2021 &#8211; \\&rsquo;M\u00e9moires Talmondaises\\&rsquo; avec Pierre Gilbert  interview\u00e9 par Jack Guichard : <a href=\"http:\/\/www.tv3p.fr\/voir_video.php?id=3785\">La villa gallo-romaine de Jard sur Mer<\/a>&nbsp;<\/p>\n\n\n\n<p><a href=\"http:\/\/www.tv-3p.fr\/voir_video.php?id=3747\">Les marais et marais salants de la Guitti\u00e8re <\/a>avec Jack Guichard<\/p>\n\n\n\n<figure class=\"wp-block-image\"><img loading=\"lazy\" decoding=\"async\" width=\"700\" height=\"394\" src=\"http:\/\/jackguichard.fr\/wp-content\/uploads\/2021\/01\/144280417_1735298309982782_4231444547721422903_n.jpg\" alt=\"\" class=\"wp-image-2212\" srcset=\"https:\/\/www.jackguichard.fr\/wp-content\/uploads\/2021\/01\/144280417_1735298309982782_4231444547721422903_n.jpg 700w, https:\/\/www.jackguichard.fr\/wp-content\/uploads\/2021\/01\/144280417_1735298309982782_4231444547721422903_n-300x169.jpg 300w\" sizes=\"auto, (max-width: 700px) 100vw, 700px\" \/><\/figure>\n\n\n\n<p><a href=\"https:\/\/www.tv3p.fr\/voir_video.php?id=3585\">Le port de Talmont a<\/a>vec jack Guichard<\/p>\n\n\n\n<p><a href=\"https:\/\/www.tv3p.fr\/voir_video.php?id=3599\">Histoire de l&rsquo;histoire de l&rsquo;ostriculture<\/a> avec Daniel Verfaillie<\/p>\n\n\n\n<p><a href=\"http:\/\/www.tv-3p.fr\/voir_video.php?id=3605\">L&rsquo;histoire de l&rsquo;huitre du bassin du Payr\u00e9 <\/a> avec Daniel Verfaillie<\/p>\n\n\n\n<p><a href=\"http:\/\/www.tv-3p.fr\/voir_video.php?id=3619\">La mine du Roi Richard<\/a> par jack Guichard<\/p>\n\n\n\n<p><a href=\"http:\/\/www.tv-3p.fr\/voir_video.php?id=3631\">Les dinosaures du Veillon<\/a> par jack Guichard<\/p>\n\n\n\n<p><a href=\"http:\/\/www.tv-3p.fr\/voir_video.php?id=3657\">Origine du chateau de Talmont (1ere partie) <\/a>par Jack Guichard<\/p>\n\n\n\n<p><a href=\"http:\/\/www.tv-3p.fr\/voir_video.php?id=3667\">L&rsquo;\u00e2ge d&rsquo;or du ch\u00e2teau de Talmont (2\u00e9me partie)<\/a> par Jack Guichard<\/p>\n\n\n\n<p>En compagnie de l&rsquo;historien Pierre Gilbert, <a href=\"http:\/\/www.tv-3p.fr\/voir_video.php?id=3679\">origine de Sainte Rad\u00e9gonde de Jard<\/a> avec les religieuses de Poitiers et <a href=\"http:\/\/www.tv-3p.fr\/voir_video.php?id=3692\">histoire de l&rsquo;\u00e9glise Sainte Rad\u00e9gonde de Jard sur Mer<\/a><\/p>\n\n\n\n<p>Avec Pierre Gilbert qui nous raconte <a href=\"http:\/\/www.tv3p.fr\/voir_video.php?id=3714\">la belle histoire de la chapelle Sainte-Anne de Jard sur Mer<\/a><\/p>\n\n\n\n<p><a href=\"https:\/\/www.tv3p.fr\/voir_video.php?id=3723\">Les conches de la R\u00e9publique \u00e0 Talmont<\/a> par Jack Guichard<\/p>\n\n\n\n<p><a href=\"https:\/\/www.tv3p.fr\/voir_video.php?id=3735\">Les p\u00eacheries<\/a> par jack Guichard<\/p>\n","protected":false},"excerpt":{"rendered":"<p>Une s\u00e9rie d&rsquo;\u00e9missions produites par Philippe Gouraud chaque vendredi sur TV 3 Provinces avec Jack Guichard et ses invit\u00e9s : vendredi 24 juin sur TV 3 Provinces : \u00ab\u00a0M\u00e9moires Talmondaises\u00a0\u00bb . Clemenceau dans le Talmondais, \u00e0 Saint-Vincent sur Jard Vendredi 13 mai 2022 &#8211; \\&rsquo;M\u00e9moires Talmondaises\\&rsquo; : Dernier volet de notre s\u00e9rie consacr\u00e9e au Mur &hellip;<br \/><a href=\"https:\/\/www.jackguichard.fr\/?page_id=2181\">Read more <span class=\"meta-nav\">&rarr;<\/span><\/a><\/p>\n","protected":false},"author":8,"featured_media":0,"parent":1697,"menu_order":0,"comment_status":"closed","ping_status":"closed","template":"template-full.php","meta":{"footnotes":""},"class_list":["post-2181","page","type-page","status-publish","hentry"],"jetpack_sharing_enabled":true,"_links":{"self":[{"href":"https:\/\/www.jackguichard.fr\/index.php?rest_route=\/wp\/v2\/pages\/2181","targetHints":{"allow":["GET"]}}],"collection":[{"href":"https:\/\/www.jackguichard.fr\/index.php?rest_route=\/wp\/v2\/pages"}],"about":[{"href":"https:\/\/www.jackguichard.fr\/index.php?rest_route=\/wp\/v2\/types\/page"}],"author":[{"embeddable":true,"href":"https:\/\/www.jackguichard.fr\/index.php?rest_route=\/wp\/v2\/users\/8"}],"replies":[{"embeddable":true,"href":"https:\/\/www.jackguichard.fr\/index.php?rest_route=%2Fwp%2Fv2%2Fcomments&post=2181"}],"version-history":[{"count":44,"href":"https:\/\/www.jackguichard.fr\/index.php?rest_route=\/wp\/v2\/pages\/2181\/revisions"}],"predecessor-version":[{"id":2523,"href":"https:\/\/www.jackguichard.fr\/index.php?rest_route=\/wp\/v2\/pages\/2181\/revisions\/2523"}],"up":[{"embeddable":true,"href":"https:\/\/www.jackguichard.fr\/index.php?rest_route=\/wp\/v2\/pages\/1697"}],"wp:attachment":[{"href":"https:\/\/www.jackguichard.fr\/index.php?rest_route=%2Fwp%2Fv2%2Fmedia&parent=2181"}],"curies":[{"name":"wp","href":"https:\/\/api.w.org\/{rel}","templated":true}]}}

<p><em>Une série d&rsquo;émissions produites par Philippe Gouraud chaque vendredi sur <a href="http://www.tv3p.fr">TV 3 Provinces</a> avec Jack Guichard et ses invités :</em></p>



<p>vendredi 24 juin sur TV 3 Provinces : « Mémoires Talmondaises » . <a href="http://www.tv-3p.fr/voir_video.php?id=3983">Clemenceau dans le Talmondais, à Saint-Vincent sur Jard </a><br></p>



<p>Vendredi 13 mai 2022 &#8211; \&rsquo;Mémoires Talmondaises\&rsquo; : <a href="http://www.tv3p.fr/voir_video.php?id=3949">Dernier volet de notre série consacrée au Mur de l&rsquo;Atlantique et aux blockhaus de la seconde guerre mondiale</a> avec Thomas Graffard docteur en histoire contemporaine et Bernard Deslandes, spécialiste du patrimoine talmondais<br></p>



<p>Vendredi 29 avril 2022 : Nouvelle intervention au sein de l&rsquo;émission  » Mémoires Talmondaises » animée par&nbsp;<a href="https://www.linkedin.com/in/ACoAAA4lHDMBdT2tgxGOKv0qY4GQvP6BuGv3h8s">Jack Guichard</a>&nbsp;à propos de la station radar Amoëbe commandée par la Luftwaffe sur les communes du Bernard et de la Jonchère. <a href="http://www.tv-3p.fr/voir_video.php?id=3937">Les radars allemands à Angles et au Bernard.</a></p>



<p>Vendredi 8 avril 2022 &#8211; \&rsquo;Mémoires Talmondaises\&rsquo; : <a href="http://www.tv3p.fr/voir_video.php?id=3931">Les Blockhaus du Mur de l&rsquo;Atlantique</a> avec Thomas Graffard, docteur en Histoire contemporaine</p>



<p>Vendredi 1er avril 2022 &#8211; « Mémoires Talmondaises » : Avec Jack Guichard et Thomas Graffard (docteur en Histoire contemporaine),  <a href="http://www.tv-3p.fr/voir_video.php?id=3925﻿">Le mur de l&rsquo;Atlantique en Vendée durant la seconde guerre mondiale</a>.</p>



<p>Vendredi 25 février 2022 &#8211; \&rsquo;Mémoires Talmondaises\&rsquo; avec Jack Guichard. <a href="http://www.tv3p.fr/voir_video.php?id=3895">Châteaux et demeures remarquables du Talmondais à Champ-Saint-Père, Saint-Vincent sur Graon et Moutiers les Mauxfaits</a> .</p>



<p>Vendredi 4 février 2022 &#8211; \&rsquo;Mémoires Talmondaises\&rsquo; avec Jack Guichard : <a href="http://www.tv3p.fr/voir_video.php?id=3889">Les châteaux de La Brunière au Givre et de La Court d&rsquo;Aron à St-Cyr en Talmondais</a></p>



<p>Vendredi 28 janvier 2022 &#8211; \&rsquo;Mémoires Talmondaises\&rsquo; avec Jack Guichard : <a href="http://www.tv3p.fr/voir_video.php?id=3883">Le château de la Guignardière à Avrillé</a>&nbsp;</p>



<p>vendredi 7 janvier : « Mémoires Talmondaises » avec Jack Guichard . <a href="http://www.tv-3p.fr/voir_video.php?id=3865">Le château du Veillon</a> </p>



<p>Vendredi 3 décembre 2021 &#8211; &lsquo;Mémoires Talmondaises&rsquo; avec Jack Guichard . <a href="http://www.tv3p.fr/voir_video.php?id=3844">Les guerres de religion en Pays Talmondais .</a></p>



<p>Vendredi 10 décembre 2021 &#8211; \&rsquo;Mémoires Talmondaises\&rsquo; avec Jack Guichard . <a href="http://www.tv3p.fr/voir_video.php?id=3851">Les guerres de religion en Pays Talmondais (part. 2) et les fouilles de l&rsquo;INRAP en centre-ville de Talmont</a></p>



<p>Vendredi 26 novembre sur TV 3 Provinces : « Mémoires Talmondaises » avec Jack Guichard . <a href="http://www.tv-3p.fr/voir_video.php?id=3839">Évocation de la guerre de cent ans en Pays Talmondais</a></p>



<p>Vendredi 19 novembre sur TV 3 Provinces : « Mémoires Talmondaises » avec Jack Guichard . <a href="http://www.tv-3p.fr/voir_video.php?id=3832﻿">Saint-Hilaire de Talmont à travers les âges</a> . </p>



<p>Vendredi 8 octobre sur TV 3 Provinces : « Mémoires Talmondaises » avec Jack Guichard . <a href="http://www.tv3p.fr/voir_video.php?id=3810">Le trésor du Veillon</a></p>



<p>Vendredi 1er octobre 2021 &#8211; \&rsquo;Mémoires Talmondaises\&rsquo; avec Jack Guichard : <a href="http://www.tv3p.fr/voir_video.php?id=3803">L&rsquo;abbaye du Lieu-Dieu à Jard-sur Mer</a> .</p>



<p>Vendredi 24 septembre 2021 &#8211; \&rsquo; Mémoires Talmondaises\&rsquo; avec Jack Guichard :<a href="http://www.tv3p.fr/voir_video.php?id=3797"> Les menhirs du Talmondais</a>.</p>



<p> 17 septembre sur TV 3 Provinces : « Mémoires Talmondaises » avec Jack Guichard . <a href="http://www.tv-3p.fr/voir_video.php?id=3791">Les dolmens du pays Talmondais</a> . </p>



<p>Vendredi 10 septembre 2021 &#8211; \&rsquo;Mémoires Talmondaises\&rsquo; avec Pierre Gilbert  interviewé par Jack Guichard : <a href="http://www.tv3p.fr/voir_video.php?id=3785">La villa gallo-romaine de Jard sur Mer</a>&nbsp;</p>



<p><a href="http://www.tv-3p.fr/voir_video.php?id=3747">Les marais et marais salants de la Guittière </a>avec Jack Guichard</p>



<figure class="wp-block-image"><img loading="lazy" decoding="async" width="700" height="394" src="http://jackguichard.fr/wp-content/uploads/2021/01/144280417_1735298309982782_4231444547721422903_n.jpg" alt="" class="wp-image-2212" srcset="https://www.jackguichard.fr/wp-content/uploads/2021/01/144280417_1735298309982782_4231444547721422903_n.jpg 700w, https://www.jackguichard.fr/wp-content/uploads/2021/01/144280417_1735298309982782_4231444547721422903_n-300x169.jpg 300w" sizes="auto, (max-width: 700px) 100vw, 700px" /></figure>



<p><a href="https://www.tv3p.fr/voir_video.php?id=3585">Le port de Talmont a</a>vec jack Guichard</p>



<p><a href="https://www.tv3p.fr/voir_video.php?id=3599">Histoire de l&rsquo;histoire de l&rsquo;ostriculture</a> avec Daniel Verfaillie</p>



<p><a href="http://www.tv-3p.fr/voir_video.php?id=3605">L&rsquo;histoire de l&rsquo;huitre du bassin du Payré </a> avec Daniel Verfaillie</p>



<p><a href="http://www.tv-3p.fr/voir_video.php?id=3619">La mine du Roi Richard</a> par jack Guichard</p>



<p><a href="http://www.tv-3p.fr/voir_video.php?id=3631">Les dinosaures du Veillon</a> par jack Guichard</p>



<p><a href="http://www.tv-3p.fr/voir_video.php?id=3657">Origine du chateau de Talmont (1ere partie) </a>par Jack Guichard</p>



<p><a href="http://www.tv-3p.fr/voir_video.php?id=3667">L&rsquo;âge d&rsquo;or du château de Talmont (2éme partie)</a> par Jack Guichard</p>



<p>En compagnie de l&rsquo;historien Pierre Gilbert, <a href="http://www.tv-3p.fr/voir_video.php?id=3679">origine de Sainte Radégonde de Jard</a> avec les religieuses de Poitiers et <a href="http://www.tv-3p.fr/voir_video.php?id=3692">histoire de l&rsquo;église Sainte Radégonde de Jard sur Mer</a></p>



<p>Avec Pierre Gilbert qui nous raconte <a href="http://www.tv3p.fr/voir_video.php?id=3714">la belle histoire de la chapelle Sainte-Anne de Jard sur Mer</a></p>



<p><a href="https://www.tv3p.fr/voir_video.php?id=3723">Les conches de la République à Talmont</a> par Jack Guichard</p>



<p><a href="https://www.tv3p.fr/voir_video.php?id=3735">Les pêcheries</a> par jack Guichard</p>

<p>Une série d&rsquo;émissions produites par Philippe Gouraud chaque vendredi sur TV 3 Provinces avec Jack Guichard et ses invités : vendredi 24 juin sur TV 3 Provinces : « Mémoires Talmondaises » . Clemenceau dans le Talmondais, à Saint-Vincent sur Jard Vendredi 13 mai 2022 &#8211; \&rsquo;Mémoires Talmondaises\&rsquo; : Dernier volet de notre série consacrée au Mur &hellip;<br /><a href="https://www.jackguichard.fr/?page_id=2181">Read more <span class="meta-nav">&rarr;</span></a></p>
