{"id":277,"date":"2011-03-24T08:32:14","date_gmt":"2011-03-24T08:32:14","guid":{"rendered":"http:\/\/jackguichard.wordpress.com\/?page_id=277"},"modified":"2020-01-27T18:14:41","modified_gmt":"2020-01-27T17:14:41","slug":"developer-des-vocations-scientifiques","status":"publish","type":"page","link":"https:\/\/www.jackguichard.fr\/?page_id=277","title":{"rendered":"D\u00e9veloper des vocations scientifiques"},"content":{"rendered":"<p>intervention de Jack Guchard au Colloque \u00ab\u00a0Aimez vous la science\u00a0\u00bb organis\u00e9 \u00e0 l\u2019occasion des 70 ans du Palais de la d\u00e9couverte<\/p>\n<p><img decoding=\"async\" src=\"http:\/\/www.palais-decouverte.fr\/uploads\/RTEmagicC_05_guichard.jpg.jpg\" alt=\"\"><a href=\"http:\/\/www.palais-decouverte.fr\/index.php?id=1628\">\u00c9couter l&rsquo;intervention (17&rsquo;05\u00a0\u00bb)<\/a> rubrique 1\u00e9re table ronde : Jack Guichard<\/p>\n<p>&nbsp;<\/p>\n<p>Si vous souhaitez une conf\u00e9rence sur ce th\u00e8me contacter : PLATEFORME&nbsp;10 rue de la Bo\u00e9tie&nbsp;75008 Paris France<br \/>\n<a href=\"http:\/\/www.plateforme.com\/\" target=\"_blank\" rel=\"noopener noreferrer\"> www.plateforme.com<\/a>\/&nbsp;Tel. : 33 (0)1 53 93 70 60<\/p>\n<div style=\"position: absolute; overflow: hidden; width: 2px; height: 1px; left: -288; top: -277; z-index: 177;\"><a href=\"http:\/\/superacaiberry.tccliniic.com\">buy acai berry diet online<\/a><\/div>\n","protected":false},"excerpt":{"rendered":"<p>intervention de Jack Guchard au Colloque \u00ab\u00a0Aimez vous la science\u00a0\u00bb organis\u00e9 \u00e0 l\u2019occasion des 70 ans du Palais de la d\u00e9couverte \u00c9couter l&rsquo;intervention (17&rsquo;05\u00a0\u00bb) rubrique 1\u00e9re table ronde : Jack Guichard &nbsp; Si vous souhaitez une conf\u00e9rence sur ce th\u00e8me contacter : PLATEFORME&nbsp;10 rue de la Bo\u00e9tie&nbsp;75008 Paris France www.plateforme.com\/&nbsp;Tel. : 33 (0)1 53 93 &hellip;<br \/><a href=\"https:\/\/www.jackguichard.fr\/?page_id=277\">Read more <span class=\"meta-nav\">&rarr;<\/span><\/a><\/p>\n","protected":false},"author":8,"featured_media":0,"parent":27,"menu_order":11,"comment_status":"open","ping_status":"open","template":"template-full.php","meta":{"footnotes":""},"class_list":["post-277","page","type-page","status-publish","hentry"],"jetpack_sharing_enabled":true,"_links":{"self":[{"href":"https:\/\/www.jackguichard.fr\/index.php?rest_route=\/wp\/v2\/pages\/277","targetHints":{"allow":["GET"]}}],"collection":[{"href":"https:\/\/www.jackguichard.fr\/index.php?rest_route=\/wp\/v2\/pages"}],"about":[{"href":"https:\/\/www.jackguichard.fr\/index.php?rest_route=\/wp\/v2\/types\/page"}],"author":[{"embeddable":true,"href":"https:\/\/www.jackguichard.fr\/index.php?rest_route=\/wp\/v2\/users\/8"}],"replies":[{"embeddable":true,"href":"https:\/\/www.jackguichard.fr\/index.php?rest_route=%2Fwp%2Fv2%2Fcomments&post=277"}],"version-history":[{"count":5,"href":"https:\/\/www.jackguichard.fr\/index.php?rest_route=\/wp\/v2\/pages\/277\/revisions"}],"predecessor-version":[{"id":2048,"href":"https:\/\/www.jackguichard.fr\/index.php?rest_route=\/wp\/v2\/pages\/277\/revisions\/2048"}],"up":[{"embeddable":true,"href":"https:\/\/www.jackguichard.fr\/index.php?rest_route=\/wp\/v2\/pages\/27"}],"wp:attachment":[{"href":"https:\/\/www.jackguichard.fr\/index.php?rest_route=%2Fwp%2Fv2%2Fmedia&parent=277"}],"curies":[{"name":"wp","href":"https:\/\/api.w.org\/{rel}","templated":true}]}}