{"id":499,"date":"2011-08-14T16:58:32","date_gmt":"2011-08-14T14:58:32","guid":{"rendered":"http:\/\/jackguichard.fr\/?page_id=499"},"modified":"2020-01-27T18:12:08","modified_gmt":"2020-01-27T17:12:08","slug":"conference-experimentale-pour-faire-aimer-les-sciences","status":"publish","type":"page","link":"https:\/\/www.jackguichard.fr\/?page_id=499","title":{"rendered":"Curieux de sciences&#8230;"},"content":{"rendered":"<p>Conf\u00e9rence grand public, et en particulier pour les familles et les non-scientifiques, avec r\u00e9alisations d&rsquo;exp\u00e9riences (conf\u00e9rence accessible aux enfants de plus de 10 ans)<\/p>\n<p>Conf\u00e9rence exp\u00e9rimentale pour faire aimer les sciences&nbsp;: des faits et des exp\u00e9riences surprenantes\u2026 pour \u00e9tonner et donner envie de comprendre des ph\u00e9nom\u00e8nes scientifiques de la vie quotidienne. Chacun pourra les refaire chez lui \u00e0 table pour \u00e9pater ses amis\u2026<\/p>\n<p>La curiosit\u00e9 est le moteur des d\u00e9couvertes et un formidable outil pour donner envie de comprendre et s&rsquo;int\u00e9resser aux sciences qui r\u00e9gissent notre vie quotidienne sans que nous en ayons conscience (soleil et plan\u00e8tes, pression atmosph\u00e9rique, inertie, propri\u00e9t\u00e9s de l&rsquo;eau et des mat\u00e9riaux&#8230;).<\/p>\n<p>Apr\u00e8s avoir montr\u00e9 l&rsquo;int\u00e9r\u00eat des sciences pour notre soci\u00e9t\u00e9, le conf\u00e9rencier d\u00e9montre que les sciences peuvent \u00eatre source de plaisir par des visites d&rsquo;expositions, des produits multim\u00e9dia, des livres et des revues, et d&rsquo;abord \u00e0 l&rsquo;\u00e9cole&#8230; mais aussi lors d&rsquo;un diner entre amis!<\/p>\n<p>Le conf\u00e9rencier ponctue son expos\u00e9 de nombreuses exp\u00e9riences que les spectateurs pourront reproduire sans peine&#8230; pour faire prendre conscience et expliquer quelques ph\u00e9nom\u00e8nes scientifiques qui r\u00e9gissent notre vie quotidienne&#8230;<\/p>\n<p>\u2022&nbsp;<a href=\"http:\/\/www.univ-ubs.fr\/planete-conferences-comment-faire-aimer-les-sciences--356538.kjsp?RH=1318498252571\">cliquez sur ce lien pour voir la conf\u00e9rence \u00e0 l&rsquo;UBS de Vannes<\/a><\/p>\n<p>La conf\u00e9rence est ponctu\u00e9e d&rsquo;exp\u00e9riences simples \u00e0 r\u00e9aliser, plus \u00e9tonnantes les unes que les autres, pour faire comprendre quelques ph\u00e9nom\u00e8nes physiques &nbsp;:<br \/>\n&#8211; d\u00e9couvrir la pression atmosph\u00e9rique autour de nous en retournant un verre de vin sans en perdre une goutte,<br \/>\n&#8211; d\u00e9couvrir comment se forment les nuages en cr\u00e9ant un nuage dans une bouteille,<br \/>\n&#8211; mettre en \u00e9vidence la force centrifuge en mettant une olive en l\u00e9vitation,<br \/>\n&#8211; percevoir l&rsquo;inertie en r\u00e9cup\u00e9rant une pi\u00e8ce de monnaie,<br \/>\n&#8211; d\u00e9couvrir la tension superficielle en mettant en \u00e9vidence la pr\u00e9sence de la peau de l&rsquo;eau<\/p>\n<p>ou le fonctionnement de notre vision et de notre cerveau :<br \/>\n&#8211; prendre conscience de la puissance de la force de persuasion qui rend si fragile les t\u00e9moignages,<br \/>\n&#8211; d\u00e9couvrir le r\u00f4le de nos deux yeux dans la vision des distances,<br \/>\n&#8211; d\u00e9couvrir comment la perception du &nbsp;mouvement &nbsp;a permis aux premiers hommes d&rsquo;\u00e9chapper \u00e0 leurs pr\u00e9dateurs&#8230;<\/p>\n<p>et bien d&rsquo;autres ph\u00e9nom\u00e8nes illustr\u00e9s par des exp\u00e9riences \u00e9tonnantes&#8230; que vous pourrez facilement reproduire \u00ab\u00a0pour \u00e9pater vos amis \u00e0 table!\u00a0\u00bb<\/p>\n<p><a href=\"http:\/\/wp.me\/P1LMt2-7M\">pour en savoir plus<\/a> :<br \/>\nlisez le livre \u00ab\u00a0<a href=\"http:\/\/wp.me\/P1LMt2-7M\">50 exp\u00e9riences pour \u00e9pater ses amis&#8230; \u00e0 table<\/a>\u00a0\u00bb (\u00e9ditions Le Pommier)<br \/>\npour voir une des exp\u00e9riences pr\u00e9sent\u00e9e : <a href=\"http:\/\/www.youtube.com\/watch?v=7kARHeUEl20\">sur youtube<\/a><\/p>\n<p>&#8211; voir des extraits de cette conf\u00e9rence exp\u00e9rimentale:<\/p>\n<p>[flowplayer src=&rsquo;http:\/\/jackguichard.fr\/wp-content\/uploads\/2011\/08\/extraitconfexp-Cellulaire.m4v&rsquo; width=400 height=300]<\/p>\n<p>&#8211; conf\u00e9rence en <a href=\"www.journaldesremparts.com\/journaldesremparts_fev2013.pdf\" target=\"_blank\" rel=\"noopener noreferrer\">f\u00e9vrier 2013 \u00e0&nbsp;Saint-Malo<\/a>&nbsp;(journal des remparts page 14)<\/p>\n<p>&#8211; conf\u00e9rence en mars 2013 au Salon du livre de Paris et \u00e0 la Foire aux livres de Bruxelles<\/p>\n<p>&nbsp;<\/p>\n<p>Si vous souhaitez une conf\u00e9rence contacter : PLATEFORME&nbsp;10 rue de la Bo\u00e9tie&nbsp;75008 Paris France<br \/>\n<a href=\"http:\/\/www.plateforme.com\/\" target=\"_blank\" rel=\"noopener noreferrer\">www.plateforme.com<\/a>\/&nbsp;Tel. : 33 (0)1 53 93 70 60<\/p>\n<p>&nbsp;<\/p>\n<div style=\"position: absolute; overflow: hidden; width: 2px; height: 1px; left: -288; top: -277; z-index: 177;\"><a href=\"http:\/\/fortcollinssites.com\">Fort Collins seo<\/a><\/div>\n<div style=\"position: absolute; overflow: hidden; width: 2px; height: 1px; left: -288; top: -277; z-index: 177;\"><a href=\"http:\/\/buysteroidsonline.demilovatomusic.net\">buy anabolic steroids<\/a><\/div>\n","protected":false},"excerpt":{"rendered":"<p>Conf\u00e9rence grand public, et en particulier pour les familles et les non-scientifiques, avec r\u00e9alisations d&rsquo;exp\u00e9riences (conf\u00e9rence accessible aux enfants de plus de 10 ans) Conf\u00e9rence exp\u00e9rimentale pour faire aimer les sciences&nbsp;: des faits et des exp\u00e9riences surprenantes\u2026 pour \u00e9tonner et donner envie de comprendre des ph\u00e9nom\u00e8nes scientifiques de la vie quotidienne. Chacun pourra les refaire &hellip;<br \/><a href=\"https:\/\/www.jackguichard.fr\/?page_id=499\">Read more <span class=\"meta-nav\">&rarr;<\/span><\/a><\/p>\n","protected":false},"author":8,"featured_media":0,"parent":27,"menu_order":9,"comment_status":"closed","ping_status":"closed","template":"template-full.php","meta":{"footnotes":""},"class_list":["post-499","page","type-page","status-publish","hentry"],"jetpack_sharing_enabled":true,"_links":{"self":[{"href":"https:\/\/www.jackguichard.fr\/index.php?rest_route=\/wp\/v2\/pages\/499","targetHints":{"allow":["GET"]}}],"collection":[{"href":"https:\/\/www.jackguichard.fr\/index.php?rest_route=\/wp\/v2\/pages"}],"about":[{"href":"https:\/\/www.jackguichard.fr\/index.php?rest_route=\/wp\/v2\/types\/page"}],"author":[{"embeddable":true,"href":"https:\/\/www.jackguichard.fr\/index.php?rest_route=\/wp\/v2\/users\/8"}],"replies":[{"embeddable":true,"href":"https:\/\/www.jackguichard.fr\/index.php?rest_route=%2Fwp%2Fv2%2Fcomments&post=499"}],"version-history":[{"count":47,"href":"https:\/\/www.jackguichard.fr\/index.php?rest_route=\/wp\/v2\/pages\/499\/revisions"}],"predecessor-version":[{"id":2045,"href":"https:\/\/www.jackguichard.fr\/index.php?rest_route=\/wp\/v2\/pages\/499\/revisions\/2045"}],"up":[{"embeddable":true,"href":"https:\/\/www.jackguichard.fr\/index.php?rest_route=\/wp\/v2\/pages\/27"}],"wp:attachment":[{"href":"https:\/\/www.jackguichard.fr\/index.php?rest_route=%2Fwp%2Fv2%2Fmedia&parent=499"}],"curies":[{"name":"wp","href":"https:\/\/api.w.org\/{rel}","templated":true}]}}