{"id":839,"date":"2011-12-20T15:54:00","date_gmt":"2011-12-20T14:54:00","guid":{"rendered":"http:\/\/jackguichard.fr\/?page_id=839"},"modified":"2023-02-14T18:01:56","modified_gmt":"2023-02-14T17:01:56","slug":"interventions-a-la-television","status":"publish","type":"page","link":"https:\/\/www.jackguichard.fr\/?page_id=839","title":{"rendered":"Interventions recentes \u00e0 la television"},"content":{"rendered":"<ul>\n<li>21 septembre : <a href=\"https:\/\/www.youtube.com\/watch?v=ImxJg9epgaE\">Jack sur France 3 national : m\u00e9t\u00e9o \u00e0 la carte<\/a><\/li>\n<li>2 juin 2021 : \u00a0<a href=\"https:\/\/www.tf1.fr\/tf1\/jt-20h\/videos\/a-la-decouverte-de-lestuaire-du-payre-en-vendee-87179736.html\">Jack pr\u00e9sente l&rsquo;estuaire du Payr\u00e9 au JT de TF1\u00a0<\/a><a href=\"https:\/\/www.tf1.fr\/tf1\/jt-20h\/videos\/a-la-decouverte-de-lestuaire-du-payre-en-vendee-87179736.html\"><img loading=\"lazy\" decoding=\"async\" class=\"alignright wp-image-2313 size-medium\" src=\"http:\/\/jackguichard.fr\/wp-content\/uploads\/2021\/06\/Image-1-2-copie-300x221.jpg\" alt=\"\" width=\"300\" height=\"221\" srcset=\"https:\/\/www.jackguichard.fr\/wp-content\/uploads\/2021\/06\/Image-1-2-copie-300x221.jpg 300w, https:\/\/www.jackguichard.fr\/wp-content\/uploads\/2021\/06\/Image-1-2-copie.jpg 633w\" sizes=\"auto, (max-width: 300px) 100vw, 300px\" \/><\/a><img \/><\/li>\n<li>sur TV 3 Provinces : \u00ab\u00a0<strong>La science est dans le quotidien<\/strong>\u00a0\u00bb :<br \/>\navec Jack Guichard &amp; Jean Robert ; production Philippe Gouraud\u00a0Vendredi 11 juin sur TV3P : <a href=\"http:\/\/www.tv-3p.fr\/voir_video.php?id=3741&amp;fbclid=IwAR3-TjBqdo4nsqsBpQOTAjtzI2JLn7bWj-Rm6xF5s0SfBUTx7dAix2PK9DI\">la science est dans le verre<\/a><\/li>\n<li><a href=\"https:\/\/tvvendee.fr\/chemins-traverse\/jack-guichard-un-passionne-de-sciences\/\">\u00ab\u00a0Jack Guichard, un passionn\u00e9 de sciences\u00a0\u00bb : \u00e9mission \u00ab\u00a0chemin de traverse\u00a0\u00bb sur TVVend\u00e9e mars 2019<\/a><\/li>\n<li><a href=\"http:\/\/www.tvvendee.fr\/la-grande-emission\/les-300-inventions-auxquelles-vous-avez-echappe-ou-pas_09112017\">la grande \u00e9mission sur TV Vend\u00e9e sur le th\u00e8me \u00ab\u00a0des inventions \u00e9tonnantes auxquelles vos avez \u00e9chapp\u00e9&#8230; ou pas\u00a0\u00bb le 09\/11\/2017<\/a><a href=\"http:\/\/www.tvvendee.fr\/la-grande-emission\/les-300-inventions-auxquelles-vous-avez-echappe-ou-pas_09112017\"><img loading=\"lazy\" decoding=\"async\" class=\"alignleft size-full wp-image-1809\" src=\"http:\/\/jackguichard.fr\/wp-content\/uploads\/2011\/12\/capture_0.jpg\" alt=\"\" width=\"296\" height=\"166\" \/><\/a><\/li>\n<\/ul>\n<p>&#8211; <a href=\"http:\/\/www.tvvendee.fr\/chemin-de-traverse\/veillon_19052017\">\u00e9mission sur le bois du veillon, dans \u00ab\u00a0chemin de traverse\u00a0\u00bb \u00a0sur TVVend\u00e9e<\/a><\/p>\n<p>&#8211; journal de 13 heures sur TF1 (29 septembre 2015): sur les traces des dinosaures du Veillon : <a href=\"http:\/\/www.talmondais.com\/blog\/\">talmondais.com<\/a><\/p>\n<p>&#8211; t\u00e9l\u00e9matin sur France 2 (juillet 2014) : <a title=\"exp a la plage\" href=\"http:\/\/www.france2.fr\/emissions\/telematin\/vie-pratique\/les-experiences-a-la-plage_253519\">exp\u00e9riences \u00e0 la plage, reportage de Laurence Beauvillard<\/a><\/p>\n<p>&#8211; t\u00e9l\u00e9matin sur France 2 (Juin 2013): <a href=\"http:\/\/telematin.france2.fr\/?page=chronique&amp;id_article=46548\">exp\u00e9riences au jardin reportage de Laurence Beauvillard<\/a><\/p>\n<p>&#8211; <strong>JT de\u00a0France 3<\/strong>\u00a0Paris-IDF du 17 dec 2011 :\u00a0<a href=\"http:\/\/www.google.com\/url?sa=X&amp;q=http:\/\/paris-ile-de-france.france3.fr\/info\/les-lois-elementaires-de-la-physique-71719462.html&amp;ct=ga&amp;cad=CAcQARgBIAAoATAAOABAjN6x9wRIAVgBYgVmci1GUg&amp;cd=DCiMHyNPX5U&amp;usg=AFQjCNE4icfm3QD9mYZLb_vapaRCCVdUJA\">Les lois \u00e9l\u00e9mentaires de la physique!<\/a>\u00a0<em>Dans le livre,\u00a050 exp\u00e9riences\u00a0pour \u00e9pater vos amis \u00e0 table, aux \u00e9ditions\u00a0\u2026\u00a0Jack Guichard\u00a0et Guy Simonin nous livrent les secrets de dr\u00f4les d\u2019exp\u00e9riences.\u00a0<\/em>\u2026<\/p>\n<p>&#8211; <strong>T\u00e9l\u00e9matin sur France 2<\/strong>\u00a0(d\u00e9cembre 2012): <a href=\"http:\/\/telematin.france2.fr\/?page=chronique&amp;id_article=33632\">reportage de Laurence Beauvillard\u00a0<\/a><\/p>\n","protected":false},"excerpt":{"rendered":"<p>21 septembre : Jack sur France 3 national : m\u00e9t\u00e9o \u00e0 la carte 2 juin 2021 : \u00a0Jack pr\u00e9sente l&rsquo;estuaire du Payr\u00e9 au JT de TF1\u00a0 sur TV 3 Provinces : \u00ab\u00a0La science est dans le quotidien\u00a0\u00bb : avec Jack Guichard &amp; Jean Robert ; production Philippe Gouraud\u00a0Vendredi 11 juin sur TV3P : la science &hellip;<br \/><a href=\"https:\/\/www.jackguichard.fr\/?page_id=839\">Read more <span class=\"meta-nav\">&rarr;<\/span><\/a><\/p>\n","protected":false},"author":8,"featured_media":0,"parent":609,"menu_order":1,"comment_status":"closed","ping_status":"closed","template":"template-full.php","meta":{"footnotes":""},"class_list":["post-839","page","type-page","status-publish","hentry"],"jetpack_sharing_enabled":true,"_links":{"self":[{"href":"https:\/\/www.jackguichard.fr\/index.php?rest_route=\/wp\/v2\/pages\/839","targetHints":{"allow":["GET"]}}],"collection":[{"href":"https:\/\/www.jackguichard.fr\/index.php?rest_route=\/wp\/v2\/pages"}],"about":[{"href":"https:\/\/www.jackguichard.fr\/index.php?rest_route=\/wp\/v2\/types\/page"}],"author":[{"embeddable":true,"href":"https:\/\/www.jackguichard.fr\/index.php?rest_route=\/wp\/v2\/users\/8"}],"replies":[{"embeddable":true,"href":"https:\/\/www.jackguichard.fr\/index.php?rest_route=%2Fwp%2Fv2%2Fcomments&post=839"}],"version-history":[{"count":60,"href":"https:\/\/www.jackguichard.fr\/index.php?rest_route=\/wp\/v2\/pages\/839\/revisions"}],"predecessor-version":[{"id":2715,"href":"https:\/\/www.jackguichard.fr\/index.php?rest_route=\/wp\/v2\/pages\/839\/revisions\/2715"}],"up":[{"embeddable":true,"href":"https:\/\/www.jackguichard.fr\/index.php?rest_route=\/wp\/v2\/pages\/609"}],"wp:attachment":[{"href":"https:\/\/www.jackguichard.fr\/index.php?rest_route=%2Fwp%2Fv2%2Fmedia&parent=839"}],"curies":[{"name":"wp","href":"https:\/\/api.w.org\/{rel}","templated":true}]}}